Last updated on 2025-02-20 13:50:41 CET.
Flavor | Version | Tinstall | Tcheck | Ttotal | Status | Flags |
---|---|---|---|---|---|---|
r-devel-linux-x86_64-debian-clang | 0.4.9 | 6.89 | 47.64 | 54.53 | OK | |
r-devel-linux-x86_64-debian-gcc | 0.4.9 | 4.70 | 34.98 | 39.68 | OK | |
r-devel-linux-x86_64-fedora-clang | 0.4.9 | 85.09 | OK | |||
r-devel-linux-x86_64-fedora-gcc | 0.4.9 | 81.76 | OK | |||
r-devel-macos-arm64 | 0.4.9 | 31.00 | OK | |||
r-devel-macos-x86_64 | 0.4.9 | 50.00 | OK | |||
r-devel-windows-x86_64 | 0.4.9 | 8.00 | 65.00 | 73.00 | OK | |
r-patched-linux-x86_64 | 0.4.9 | 6.14 | 44.55 | 50.69 | NOTE | |
r-release-linux-x86_64 | 0.4.9 | 5.60 | 44.44 | 50.04 | NOTE | |
r-release-macos-arm64 | 0.4.9 | 27.00 | NOTE | |||
r-release-macos-x86_64 | 0.4.9 | 43.00 | NOTE | |||
r-release-windows-x86_64 | 0.4.9 | 8.00 | 62.00 | 70.00 | NOTE | |
r-oldrel-macos-arm64 | 0.4.9 | 28.00 | NOTE | |||
r-oldrel-macos-x86_64 | 0.4.9 | 43.00 | NOTE | |||
r-oldrel-windows-x86_64 | 0.4.9 | 10.00 | 99.00 | 109.00 | NOTE |
Version: 0.4.9
Check: LazyData
Result: NOTE
'LazyData' is specified without a 'data' directory
Flavors: r-patched-linux-x86_64, r-release-linux-x86_64, r-release-macos-arm64, r-release-macos-x86_64, r-release-windows-x86_64, r-oldrel-macos-arm64, r-oldrel-macos-x86_64, r-oldrel-windows-x86_64