Last updated on 2024-06-29 11:49:14 CEST.
Flavor | Version | Tinstall | Tcheck | Ttotal | Status | Flags |
---|---|---|---|---|---|---|
r-devel-linux-x86_64-debian-clang | 0.2.1 | 10.30 | 116.39 | 126.69 | OK | |
r-devel-linux-x86_64-debian-gcc | 0.2.1 | 9.57 | 89.10 | 98.67 | OK | |
r-devel-linux-x86_64-fedora-clang | 0.2.1 | 162.82 | NOTE | |||
r-devel-linux-x86_64-fedora-gcc | 0.2.1 | 164.58 | OK | |||
r-devel-windows-x86_64 | 0.2.1 | 13.00 | 106.00 | 119.00 | NOTE | |
r-patched-linux-x86_64 | 0.2.1 | 7.53 | 114.67 | 122.20 | OK | |
r-release-linux-x86_64 | 0.2.1 | 8.01 | 109.27 | 117.28 | OK | |
r-release-macos-arm64 | 0.2.1 | 56.00 | NOTE | |||
r-release-macos-x86_64 | 0.2.1 | 141.00 | NOTE | |||
r-release-windows-x86_64 | 0.2.1 | 12.00 | 110.00 | 122.00 | NOTE | |
r-oldrel-macos-arm64 | 0.2.1 | 52.00 | NOTE | |||
r-oldrel-macos-x86_64 | 0.2.1 | 98.00 | NOTE | |||
r-oldrel-windows-x86_64 | 0.2.1 | 15.00 | 128.00 | 143.00 | NOTE |
Version: 0.2.1
Check: installed package size
Result: NOTE
installed size is 5.5Mb
sub-directories of 1Mb or more:
data 1.4Mb
doc 3.8Mb
Flavors: r-devel-linux-x86_64-fedora-clang, r-devel-windows-x86_64, r-release-macos-arm64, r-release-macos-x86_64, r-release-windows-x86_64, r-oldrel-macos-arm64, r-oldrel-macos-x86_64, r-oldrel-windows-x86_64