Last updated on 2025-05-01 20:49:40 CEST.
Flavor | Version | Tinstall | Tcheck | Ttotal | Status | Flags |
---|---|---|---|---|---|---|
r-devel-linux-x86_64-debian-clang | 0.1.1 | 16.46 | 213.60 | 230.06 | NOTE | |
r-devel-linux-x86_64-debian-gcc | 0.1.1 | 11.24 | 148.33 | 159.57 | OK | |
r-devel-linux-x86_64-fedora-clang | 0.1.1 | 393.33 | OK | |||
r-devel-linux-x86_64-fedora-gcc | 0.1.1 | 393.35 | OK | |||
r-devel-windows-x86_64 | 0.1.1 | 20.00 | 228.00 | 248.00 | OK | |
r-patched-linux-x86_64 | 0.1.1 | 17.95 | 201.17 | 219.12 | OK | |
r-release-linux-x86_64 | OK | |||||
r-release-macos-arm64 | 0.1.1 | 82.00 | OK | |||
r-release-macos-x86_64 | 0.1.1 | 191.00 | OK | |||
r-release-windows-x86_64 | 0.1.1 | 20.00 | 228.00 | 248.00 | OK | |
r-oldrel-macos-arm64 | 0.1.1 | 96.00 | OK | |||
r-oldrel-macos-x86_64 | 0.1.1 | 175.00 | OK | |||
r-oldrel-windows-x86_64 | 0.1.1 | 24.00 | 289.00 | 313.00 | OK |
Version: 0.1.1
Check: examples
Result: NOTE
Examples with CPU (user + system) or elapsed time > 5s
user system elapsed
pca_your_recipe 5.521 0.02 6.669
Flavor: r-devel-linux-x86_64-debian-clang