Last updated on 2025-05-07 22:48:29 CEST.
Flavor | Version | Tinstall | Tcheck | Ttotal | Status | Flags |
---|---|---|---|---|---|---|
r-devel-linux-x86_64-debian-clang | 1.0.2 | 18.25 | 34.86 | 53.11 | NOTE | |
r-devel-linux-x86_64-debian-gcc | 1.0.2 | 13.31 | 25.24 | 38.55 | NOTE | |
r-devel-linux-x86_64-fedora-clang | 1.0.2 | 93.67 | OK | |||
r-devel-linux-x86_64-fedora-gcc | 1.0.2 | 96.75 | OK | |||
r-devel-windows-x86_64 | 1.0.2 | 23.00 | 79.00 | 102.00 | NOTE | |
r-patched-linux-x86_64 | 1.0.2 | 18.65 | 33.29 | 51.94 | NOTE | |
r-release-linux-x86_64 | 1.0.2 | 20.79 | 33.75 | 54.54 | NOTE | |
r-release-macos-arm64 | 1.0.2 | 31.00 | OK | |||
r-release-macos-x86_64 | 1.0.2 | 71.00 | OK | |||
r-release-windows-x86_64 | 1.0.2 | 24.00 | 81.00 | 105.00 | NOTE | |
r-oldrel-macos-arm64 | 1.0.2 | 29.00 | OK | |||
r-oldrel-macos-x86_64 | 1.0.2 | 53.00 | OK | |||
r-oldrel-windows-x86_64 | 1.0.2 | 26.00 | 90.00 | 116.00 | OK |
Version: 1.0.2
Check: Rd cross-references
Result: NOTE
Found the following Rd file(s) with Rd \link{} targets missing package
anchors:
dcbs.alg.Rd: foreach
sbs.alg.Rd: foreach
Please provide package anchors for all Rd \link{} targets not in the
package itself and the base packages.
Flavors: r-devel-linux-x86_64-debian-clang, r-devel-linux-x86_64-debian-gcc, r-devel-windows-x86_64, r-patched-linux-x86_64, r-release-linux-x86_64, r-release-windows-x86_64