Last updated on 2024-06-29 11:49:14 CEST.
Flavor | Version | Tinstall | Tcheck | Ttotal | Status | Flags |
---|---|---|---|---|---|---|
r-devel-linux-x86_64-debian-clang | 0.8.0 | 14.95 | 124.80 | 139.75 | OK | |
r-devel-linux-x86_64-debian-gcc | 0.8.0 | 9.67 | 92.25 | 101.92 | OK | |
r-devel-linux-x86_64-fedora-clang | 0.8.0 | 174.68 | NOTE | |||
r-devel-linux-x86_64-fedora-gcc | 0.8.0 | 172.65 | OK | |||
r-devel-windows-x86_64 | 0.8.0 | 12.00 | 114.00 | 126.00 | OK | |
r-patched-linux-x86_64 | 0.8.0 | 12.69 | 121.27 | 133.96 | OK | |
r-release-linux-x86_64 | 0.8.0 | 7.98 | 120.71 | 128.69 | OK | |
r-release-macos-arm64 | 0.8.0 | 54.00 | OK | |||
r-release-macos-x86_64 | 0.8.0 | 122.00 | OK | |||
r-release-windows-x86_64 | 0.8.0 | 11.00 | 113.00 | 124.00 | OK | |
r-oldrel-macos-arm64 | 0.8.0 | 52.00 | OK | |||
r-oldrel-macos-x86_64 | 0.8.0 | 90.00 | OK | |||
r-oldrel-windows-x86_64 | 0.8.0 | 14.00 | 132.00 | 146.00 | OK |
Version: 0.8.0
Check: Rd cross-references
Result: NOTE
Undeclared package ‘mnis’ in Rd xrefs
Flavor: r-devel-linux-x86_64-fedora-clang