Last updated on 2025-04-29 19:50:34 CEST.
Flavor | Version | Tinstall | Tcheck | Ttotal | Status | Flags |
---|---|---|---|---|---|---|
r-devel-linux-x86_64-debian-clang | 1.0 | 9.96 | 91.67 | 101.63 | NOTE | |
r-devel-linux-x86_64-debian-gcc | 1.0 | 7.10 | 66.77 | 73.87 | NOTE | |
r-devel-linux-x86_64-fedora-clang | 1.0 | 147.89 | OK | |||
r-devel-linux-x86_64-fedora-gcc | 1.0 | 140.76 | OK | |||
r-devel-windows-x86_64 | 1.0 | 13.00 | 92.00 | 105.00 | OK | |
r-patched-linux-x86_64 | 1.0 | 9.83 | 86.47 | 96.30 | OK | |
r-release-linux-x86_64 | 1.0 | 10.10 | 85.06 | 95.16 | OK | |
r-release-macos-arm64 | 1.0 | 47.00 | OK | |||
r-release-macos-x86_64 | 1.0 | 79.00 | OK | |||
r-release-windows-x86_64 | 1.0 | 12.00 | 96.00 | 108.00 | OK | |
r-oldrel-macos-arm64 | 1.0 | 41.00 | NOTE | |||
r-oldrel-macos-x86_64 | 1.0 | 62.00 | NOTE | |||
r-oldrel-windows-x86_64 | 1.0 | 14.00 | 114.00 | 128.00 | NOTE |
Version: 1.0
Check: CRAN incoming feasibility
Result: NOTE
Maintainer: ‘Nicolas Sauwen <nicolas.sauwen@openanalytics.eu>’
No Authors@R field in DESCRIPTION.
Please add one, modifying
Authors@R: person(given = "Nicolas",
family = "Sauwen",
role = c("aut", "cre"),
email = "nicolas.sauwen@openanalytics.eu")
as necessary.
Flavors: r-devel-linux-x86_64-debian-clang, r-devel-linux-x86_64-debian-gcc
Version: 1.0
Check: LazyData
Result: NOTE
'LazyData' is specified without a 'data' directory
Flavors: r-oldrel-macos-arm64, r-oldrel-macos-x86_64, r-oldrel-windows-x86_64