CRAN Package Check Results for Package gwasforest

Last updated on 2025-05-01 08:52:35 CEST.

Flavor Version Tinstall Tcheck Ttotal Status Flags
r-devel-linux-x86_64-debian-clang 1.0.0 2.05 21.35 23.40 OK
r-devel-linux-x86_64-debian-gcc 1.0.0 1.58 17.53 19.11 OK
r-devel-linux-x86_64-fedora-clang 1.0.0 33.62 OK
r-devel-linux-x86_64-fedora-gcc 1.0.0 31.94 OK
r-devel-windows-x86_64 1.0.0 3.00 43.00 46.00 OK
r-patched-linux-x86_64 1.0.0 2.00 19.33 21.33 OK
r-release-linux-x86_64 OK
r-release-macos-arm64 1.0.0 16.00 OK
r-release-macos-x86_64 1.0.0 25.00 OK
r-release-windows-x86_64 1.0.0 4.00 43.00 47.00 OK
r-oldrel-macos-arm64 1.0.0 16.00 NOTE
r-oldrel-macos-x86_64 1.0.0 25.00 NOTE
r-oldrel-windows-x86_64 1.0.0 4.00 44.00 48.00 NOTE

Check Details

Version: 1.0.0
Check: LazyData
Result: NOTE 'LazyData' is specified without a 'data' directory Flavors: r-oldrel-macos-arm64, r-oldrel-macos-x86_64, r-oldrel-windows-x86_64