Last updated on 2024-06-29 11:49:14 CEST.
Flavor | Version | Tinstall | Tcheck | Ttotal | Status | Flags |
---|---|---|---|---|---|---|
r-devel-linux-x86_64-debian-clang | 0.1.0 | 16.59 | 127.29 | 143.88 | NOTE | |
r-devel-linux-x86_64-debian-gcc | 0.1.0 | 13.76 | 95.06 | 108.82 | NOTE | |
r-devel-linux-x86_64-fedora-clang | 0.1.0 | 112.98 | NOTE | |||
r-devel-linux-x86_64-fedora-gcc | 0.1.0 | 184.18 | NOTE | |||
r-devel-windows-x86_64 | 0.1.0 | 15.00 | 100.00 | 115.00 | NOTE | |
r-patched-linux-x86_64 | 0.1.0 | 9.80 | 121.04 | 130.84 | NOTE | |
r-release-linux-x86_64 | 0.1.0 | 14.57 | 120.15 | 134.72 | NOTE | |
r-release-macos-arm64 | 0.1.0 | 49.00 | NOTE | |||
r-release-macos-x86_64 | 0.1.0 | 71.00 | NOTE | |||
r-release-windows-x86_64 | 0.1.0 | 15.00 | 101.00 | 116.00 | NOTE | |
r-oldrel-macos-arm64 | 0.1.0 | 48.00 | NOTE | |||
r-oldrel-macos-x86_64 | 0.1.0 | 76.00 | NOTE | |||
r-oldrel-windows-x86_64 | 0.1.0 | 17.00 | 127.00 | 144.00 | NOTE |
Version: 0.1.0
Check: LazyData
Result: NOTE
'LazyData' is specified without a 'data' directory
Flavors: r-devel-linux-x86_64-debian-clang, r-devel-linux-x86_64-debian-gcc, r-devel-linux-x86_64-fedora-clang, r-devel-linux-x86_64-fedora-gcc, r-devel-windows-x86_64, r-patched-linux-x86_64, r-release-linux-x86_64, r-release-macos-arm64, r-release-macos-x86_64, r-release-windows-x86_64, r-oldrel-macos-arm64, r-oldrel-macos-x86_64, r-oldrel-windows-x86_64