Last updated on 2024-08-24 16:49:01 CEST.
Flavor | Version | Tinstall | Tcheck | Ttotal | Status | Flags |
---|---|---|---|---|---|---|
r-devel-linux-x86_64-debian-clang | 0.1.2 | 42.67 | 97.21 | 139.88 | OK | |
r-devel-linux-x86_64-debian-gcc | 0.1.2 | 32.36 | 73.26 | 105.62 | OK | |
r-devel-linux-x86_64-fedora-clang | 0.1.2 | 250.84 | NOTE | |||
r-devel-linux-x86_64-fedora-gcc | 0.1.2 | 272.29 | OK | |||
r-devel-windows-x86_64 | 0.1.2 | 44.00 | 143.00 | 187.00 | NOTE | |
r-patched-linux-x86_64 | 0.1.2 | 45.88 | 95.60 | 141.48 | OK | |
r-release-linux-x86_64 | 0.1.2 | 45.58 | 95.30 | 140.88 | OK | |
r-release-macos-arm64 | 0.1.2 | 70.00 | NOTE | |||
r-release-macos-x86_64 | 0.1.2 | 97.00 | NOTE | |||
r-release-windows-x86_64 | 0.1.2 | 49.00 | 145.00 | 194.00 | NOTE | |
r-oldrel-macos-arm64 | 0.1.2 | 77.00 | NOTE | |||
r-oldrel-macos-x86_64 | 0.1.2 | 166.00 | NOTE | |||
r-oldrel-windows-x86_64 | 0.1.2 | 44.00 | 165.00 | 209.00 | NOTE |
Version: 0.1.2
Check: installed package size
Result: NOTE
installed size is 5.1Mb
sub-directories of 1Mb or more:
doc 4.2Mb
Flavors: r-devel-linux-x86_64-fedora-clang, r-devel-windows-x86_64, r-release-macos-arm64, r-release-macos-x86_64, r-release-windows-x86_64, r-oldrel-macos-arm64, r-oldrel-macos-x86_64, r-oldrel-windows-x86_64