Last updated on 2025-10-11 13:49:43 CEST.
Flavor | Version | Tinstall | Tcheck | Ttotal | Status | Flags |
---|---|---|---|---|---|---|
r-devel-linux-x86_64-debian-clang | 2.1-3 | 17.40 | 177.79 | 195.19 | OK | |
r-devel-linux-x86_64-debian-gcc | 2.1-3 | 10.25 | 106.90 | 117.15 | OK | |
r-devel-linux-x86_64-fedora-clang | 2.1-3 | 316.57 | OK | |||
r-devel-linux-x86_64-fedora-gcc | 2.1-3 | 309.69 | OK | |||
r-devel-windows-x86_64 | 2.1-3 | 23.00 | 170.00 | 193.00 | OK | |
r-patched-linux-x86_64 | 2.1-2 | 15.91 | 156.92 | 172.83 | NOTE | |
r-release-linux-x86_64 | 2.1-2 | 15.99 | 156.52 | 172.51 | NOTE | |
r-release-macos-arm64 | 2.1-3 | 173.00 | OK | |||
r-release-macos-x86_64 | 2.1-3 | 432.00 | OK | |||
r-release-windows-x86_64 | 2.1-3 | 21.00 | 173.00 | 194.00 | OK | |
r-oldrel-macos-arm64 | 2.1-3 | 172.00 | OK | |||
r-oldrel-macos-x86_64 | 2.1-3 | 369.00 | OK | |||
r-oldrel-windows-x86_64 | 2.1-3 | 25.00 | 213.00 | 238.00 | OK |
Version: 2.1-2
Check: DESCRIPTION meta-information
Result: NOTE
Missing dependency on R >= 4.1.0 because package code uses the pipe
|> or function shorthand \(...) syntax added in R 4.1.0.
File(s) using such syntax:
‘adjust_speed.R’ ‘adjust_speed.Rd’ ‘gps_as_sflinestring.Rd’
‘gps_as_sfpoints.Rd’ ‘gtfs2gps.Rd’ ‘write_gtfs.Rd’
Flavors: r-patched-linux-x86_64, r-release-linux-x86_64