Last updated on 2025-04-30 07:55:10 CEST.
Flavor | Version | Tinstall | Tcheck | Ttotal | Status | Flags |
---|---|---|---|---|---|---|
r-devel-linux-x86_64-debian-clang | 0.1.1 | 1.56 | 25.26 | 26.82 | NOTE | |
r-devel-linux-x86_64-debian-gcc | 0.1.1 | 1.48 | 20.63 | 22.11 | NOTE | |
r-devel-linux-x86_64-fedora-clang | 0.1.1 | 42.59 | OK | |||
r-devel-linux-x86_64-fedora-gcc | 0.1.1 | 40.39 | OK | |||
r-devel-windows-x86_64 | 0.1.1 | 3.00 | 47.00 | 50.00 | OK | |
r-patched-linux-x86_64 | 0.1.1 | 1.47 | 24.58 | 26.05 | OK | |
r-release-linux-x86_64 | 0.1.1 | 1.97 | 23.90 | 25.87 | OK | |
r-release-macos-arm64 | 0.1.1 | 20.00 | OK | |||
r-release-macos-x86_64 | 0.1.1 | 29.00 | OK | |||
r-release-windows-x86_64 | 0.1.1 | 3.00 | 45.00 | 48.00 | OK | |
r-oldrel-macos-arm64 | 0.1.1 | 18.00 | OK | |||
r-oldrel-macos-x86_64 | 0.1.1 | 25.00 | OK | |||
r-oldrel-windows-x86_64 | 0.1.1 | 4.00 | 48.00 | 52.00 | OK |
Version: 0.1.1
Check: CRAN incoming feasibility
Result: NOTE
Maintainer: ‘Yifei Zhang <yz3925@columbia.edu>’
No Authors@R field in DESCRIPTION.
Please add one, modifying
Authors@R: c(person(given = "Yifei",
family = "Zhang",
role = c("aut", "cre"),
email = "yz3925@columbia.edu"),
person(given = "Xuan",
family = "Bi",
role = "aut"))
as necessary.
Flavors: r-devel-linux-x86_64-debian-clang, r-devel-linux-x86_64-debian-gcc
Version: 0.1.1
Check: examples
Result: NOTE
Examples with CPU (user + system) or elapsed time > 5s
user system elapsed
gssvd 3.753 1.526 7.427
Flavor: r-devel-linux-x86_64-debian-clang