Last updated on 2024-06-29 11:49:13 CEST.
Flavor | Version | Tinstall | Tcheck | Ttotal | Status | Flags |
---|---|---|---|---|---|---|
r-devel-linux-x86_64-debian-clang | 0.0.4 | 35.37 | 463.21 | 498.58 | OK | |
r-devel-linux-x86_64-debian-gcc | 0.0.4 | 24.52 | 327.25 | 351.77 | OK | |
r-devel-linux-x86_64-fedora-clang | 0.0.4 | 616.09 | OK | |||
r-devel-linux-x86_64-fedora-gcc | 0.0.4 | 604.11 | OK | |||
r-devel-windows-x86_64 | 0.0.4 | 30.00 | 320.00 | 350.00 | OK | |
r-patched-linux-x86_64 | 0.0.4 | 34.73 | 450.21 | 484.94 | OK | |
r-release-linux-x86_64 | 0.0.4 | 22.57 | 451.50 | 474.07 | OK | |
r-release-macos-arm64 | 0.0.4 | 152.00 | NOTE | |||
r-release-macos-x86_64 | 0.0.4 | 269.00 | OK | |||
r-release-windows-x86_64 | 0.0.4 | 32.00 | 325.00 | 357.00 | OK | |
r-oldrel-macos-arm64 | 0.0.4 | 159.00 | NOTE | |||
r-oldrel-macos-x86_64 | 0.0.4 | 336.00 | OK | |||
r-oldrel-windows-x86_64 | 0.0.4 | 38.00 | 433.00 | 471.00 | OK |
Version: 0.0.4
Check: installed package size
Result: NOTE
installed size is 5.0Mb
sub-directories of 1Mb or more:
doc 1.6Mb
libs 2.4Mb
Flavors: r-release-macos-arm64, r-oldrel-macos-arm64