Last updated on 2025-11-18 20:49:35 CET.
| Flavor | Version | Tinstall | Tcheck | Ttotal | Status | Flags |
|---|---|---|---|---|---|---|
| r-devel-linux-x86_64-debian-clang | 0.17 | 195.22 | 139.68 | 334.90 | OK | |
| r-devel-linux-x86_64-debian-gcc | 0.17 | 141.29 | 91.40 | 232.69 | OK | |
| r-devel-linux-x86_64-fedora-clang | 0.17 | 320.00 | 255.61 | 575.61 | OK | |
| r-devel-linux-x86_64-fedora-gcc | 0.17 | 660.00 | -14.62 | 645.38 | OK | |
| r-devel-windows-x86_64 | 0.16 | 223.00 | 158.00 | 381.00 | WARN | |
| r-patched-linux-x86_64 | 0.16 | 208.79 | 126.69 | 335.48 | WARN | |
| r-release-linux-x86_64 | 0.17 | 207.31 | 128.46 | 335.77 | OK | |
| r-release-macos-arm64 | 0.16 | 75.00 | 52.00 | 127.00 | OK | |
| r-release-macos-x86_64 | 0.17 | 76.00 | 119.00 | 195.00 | OK | |
| r-release-windows-x86_64 | 0.17 | 179.00 | 157.00 | 336.00 | OK | |
| r-oldrel-macos-arm64 | 0.16 | 68.00 | 50.00 | 118.00 | NOTE | |
| r-oldrel-macos-x86_64 | 0.17 | 75.00 | 132.00 | 207.00 | NOTE | |
| r-oldrel-windows-x86_64 | 0.17 | 161.00 | 199.00 | 360.00 | OK |
Version: 0.16
Check: whether package can be installed
Result: WARN
Found the following significant warnings:
dpmix.cpp:150:18: warning: 'bool arma::is_finite(const Base<typename T1::elem_type, T1>&) [with T1 = Mat<double>; typename T1::elem_type = double]' is deprecated: change arma::is_finite(X) to X.is_finite() [-Wdeprecated-declarations]
dpmix.cpp:159:18: warning: 'bool arma::is_finite(const Base<typename T1::elem_type, T1>&) [with T1 = Mat<double>; typename T1::elem_type = double]' is deprecated: change arma::is_finite(X) to X.is_finite() [-Wdeprecated-declarations]
dpmix.cpp:252:23: warning: 'bool arma::is_finite(const Base<typename T1::elem_type, T1>&) [with T1 = Mat<double>; typename T1::elem_type = double]' is deprecated: change arma::is_finite(X) to X.is_finite() [-Wdeprecated-declarations]
dpmix_count.cpp:157:18: warning: 'bool arma::is_finite(const Base<typename T1::elem_type, T1>&) [with T1 = Mat<double>; typename T1::elem_type = double]' is deprecated: change arma::is_finite(X) to X.is_finite() [-Wdeprecated-declarations]
dpmix_count.cpp:166:18: warning: 'bool arma::is_finite(const Base<typename T1::elem_type, T1>&) [with T1 = Mat<double>; typename T1::elem_type = double]' is deprecated: change arma::is_finite(X) to X.is_finite() [-Wdeprecated-declarations]
dpmix_count.cpp:293:23: warning: 'bool arma::is_finite(const Base<typename T1::elem_type, T1>&) [with T1 = Mat<double>; typename T1::elem_type = double]' is deprecated: change arma::is_finite(X) to X.is_finite() [-Wdeprecated-declarations]
See 'd:/Rcompile/CRANpkg/local/4.6/growfunctions.Rcheck/00install.out' for details.
* used C compiler: 'gcc.exe (GCC) 14.3.0'
* used C++ compiler: 'g++.exe (GCC) 14.3.0'
Flavor: r-devel-windows-x86_64
Version: 0.16
Check: whether package can be installed
Result: WARN
Found the following significant warnings:
dpmix.cpp:150:18: warning: ‘bool arma::is_finite(const Base<typename T1::elem_type, T1>&) [with T1 = Mat<double>; typename T1::elem_type = double]’ is deprecated: change arma::is_finite(X) to X.is_finite() [-Wdeprecated-declarations]
dpmix.cpp:159:18: warning: ‘bool arma::is_finite(const Base<typename T1::elem_type, T1>&) [with T1 = Mat<double>; typename T1::elem_type = double]’ is deprecated: change arma::is_finite(X) to X.is_finite() [-Wdeprecated-declarations]
dpmix.cpp:252:23: warning: ‘bool arma::is_finite(const Base<typename T1::elem_type, T1>&) [with T1 = Mat<double>; typename T1::elem_type = double]’ is deprecated: change arma::is_finite(X) to X.is_finite() [-Wdeprecated-declarations]
dpmix_count.cpp:157:18: warning: ‘bool arma::is_finite(const Base<typename T1::elem_type, T1>&) [with T1 = Mat<double>; typename T1::elem_type = double]’ is deprecated: change arma::is_finite(X) to X.is_finite() [-Wdeprecated-declarations]
dpmix_count.cpp:166:18: warning: ‘bool arma::is_finite(const Base<typename T1::elem_type, T1>&) [with T1 = Mat<double>; typename T1::elem_type = double]’ is deprecated: change arma::is_finite(X) to X.is_finite() [-Wdeprecated-declarations]
dpmix_count.cpp:293:23: warning: ‘bool arma::is_finite(const Base<typename T1::elem_type, T1>&) [with T1 = Mat<double>; typename T1::elem_type = double]’ is deprecated: change arma::is_finite(X) to X.is_finite() [-Wdeprecated-declarations]
See ‘/home/hornik/tmp/R.check/r-patched-gcc/Work/PKGS/growfunctions.Rcheck/00install.out’ for details.
* used C compiler: ‘gcc-14 (Debian 14.3.0-10) 14.3.0’
* used C++ compiler: ‘g++-14 (Debian 14.3.0-10) 14.3.0’
Flavor: r-patched-linux-x86_64
Version: 0.16
Check: installed package size
Result: NOTE
installed size is 13.3Mb
sub-directories of 1Mb or more:
libs 12.8Mb
Flavor: r-oldrel-macos-arm64
Version: 0.17
Check: installed package size
Result: NOTE
installed size is 14.4Mb
sub-directories of 1Mb or more:
libs 13.9Mb
Flavor: r-oldrel-macos-x86_64