Last updated on 2024-07-02 01:57:10 CEST.
Flavor | Version | Tinstall | Tcheck | Ttotal | Status | Flags |
---|---|---|---|---|---|---|
r-devel-linux-x86_64-debian-clang | 1.1.0 | 4.37 | 452.92 | 457.29 | OK | |
r-devel-linux-x86_64-debian-gcc | 1.1.0 | 4.48 | 374.06 | 378.54 | OK | |
r-devel-linux-x86_64-fedora-clang | 1.1.0 | 567.15 | NOTE | |||
r-devel-linux-x86_64-fedora-gcc | 1.1.0 | 574.55 | NOTE | |||
r-devel-windows-x86_64 | 1.1.0 | 5.00 | 464.00 | 469.00 | OK | |
r-patched-linux-x86_64 | 1.1.0 | 4.76 | 441.59 | 446.35 | OK | |
r-release-linux-x86_64 | 1.1.0 | 4.46 | 442.04 | 446.50 | OK | |
r-release-macos-arm64 | 1.1.0 | 242.00 | OK | |||
r-release-macos-x86_64 | 1.1.0 | 334.00 | OK | |||
r-release-windows-x86_64 | 1.1.0 | 6.00 | 463.00 | 469.00 | OK | |
r-oldrel-macos-arm64 | 1.1.0 | 269.00 | OK | |||
r-oldrel-macos-x86_64 | 1.1.0 | 451.00 | OK | |||
r-oldrel-windows-x86_64 | 1.1.0 | 6.00 | 459.00 | 465.00 | OK |
Version: 1.1.0
Check: dependencies in R code
Result: NOTE
Namespace in Imports field not imported from: ‘msm’
All declared Imports should be used.
Flavors: r-devel-linux-x86_64-fedora-clang, r-devel-linux-x86_64-fedora-gcc