Last updated on 2025-10-31 07:51:47 CET.
| Flavor | Version | Tinstall | Tcheck | Ttotal | Status | Flags | 
|---|---|---|---|---|---|---|
| r-devel-linux-x86_64-debian-clang | 1.1-1 | 2.14 | 24.61 | 26.75 | NOTE | |
| r-devel-linux-x86_64-debian-gcc | 1.1-1 | 1.51 | 19.90 | 21.41 | NOTE | |
| r-devel-linux-x86_64-fedora-clang | 1.1-1 | 12.00 | 29.38 | 41.38 | OK | |
| r-devel-linux-x86_64-fedora-gcc | 1.1-1 | 36.57 | OK | |||
| r-devel-windows-x86_64 | 1.1-1 | 4.00 | 47.00 | 51.00 | OK | |
| r-patched-linux-x86_64 | 1.1-1 | 2.24 | 23.74 | 25.98 | OK | |
| r-release-linux-x86_64 | 1.1-1 | 2.04 | 23.13 | 25.17 | OK | |
| r-release-macos-arm64 | 1.1-1 | 1.00 | 15.00 | 16.00 | OK | |
| r-release-macos-x86_64 | 1.1-1 | 2.00 | 26.00 | 28.00 | OK | |
| r-release-windows-x86_64 | 1.1-1 | 3.00 | 52.00 | 55.00 | OK | |
| r-oldrel-macos-arm64 | 1.1-1 | 1.00 | 15.00 | 16.00 | OK | |
| r-oldrel-macos-x86_64 | 1.1-1 | 2.00 | 22.00 | 24.00 | OK | |
| r-oldrel-windows-x86_64 | 1.1-1 | 3.00 | 49.00 | 52.00 | OK | 
Version: 1.1-1
Check: CRAN incoming feasibility
Result: NOTE
  Maintainer: ‘Paul Murrell <paul@stat.auckland.ac.nz>’
  
  No Authors@R field in DESCRIPTION.
  Please add one, modifying
    Authors@R: person(given = "Paul",
                      family = "Murrell",
                      role = c("aut", "cre"),
                      email = "paul@stat.auckland.ac.nz")
  as necessary.
Flavors: r-devel-linux-x86_64-debian-clang, r-devel-linux-x86_64-debian-gcc