CRAN Package Check Results for Package grafzahl

Last updated on 2025-04-29 19:50:33 CEST.

Flavor Version Tinstall Tcheck Ttotal Status Flags
r-devel-linux-x86_64-debian-clang 0.0.11 11.29 89.53 100.82 NOTE
r-devel-linux-x86_64-debian-gcc 0.0.11 7.53 64.89 72.42 NOTE
r-devel-linux-x86_64-fedora-clang 0.0.11 151.95 OK
r-devel-linux-x86_64-fedora-gcc 0.0.11 157.70 OK
r-devel-windows-x86_64 0.0.11 12.00 115.00 127.00 NOTE
r-patched-linux-x86_64 0.0.11 11.30 86.83 98.13 NOTE
r-release-linux-x86_64 0.0.11 11.32 84.62 95.94 NOTE
r-release-macos-arm64 0.0.11 50.00 OK
r-release-macos-x86_64 0.0.11 97.00 OK
r-release-windows-x86_64 0.0.11 12.00 133.00 145.00 NOTE
r-oldrel-macos-arm64 0.0.11 54.00 OK
r-oldrel-macos-x86_64 0.0.11 78.00 OK
r-oldrel-windows-x86_64 0.0.11 16.00 126.00 142.00 OK

Check Details

Version: 0.0.11
Check: Rd cross-references
Result: NOTE Found the following Rd file(s) with Rd \link{} targets missing package anchors: grafzahl.Rd: corpus, docvars predict.grafzahl.Rd: corpus Please provide package anchors for all Rd \link{} targets not in the package itself and the base packages. Flavors: r-devel-linux-x86_64-debian-clang, r-devel-linux-x86_64-debian-gcc, r-devel-windows-x86_64, r-patched-linux-x86_64, r-release-linux-x86_64, r-release-windows-x86_64