Last updated on 2024-08-24 16:49:00 CEST.
Flavor | Version | Tinstall | Tcheck | Ttotal | Status | Flags |
---|---|---|---|---|---|---|
r-devel-linux-x86_64-debian-clang | 0.1.0 | 1.45 | 19.46 | 20.91 | NOTE | |
r-devel-linux-x86_64-debian-gcc | 0.1.0 | 1.20 | 15.93 | 17.13 | NOTE | |
r-devel-linux-x86_64-fedora-clang | 0.1.0 | 36.74 | NOTE | |||
r-devel-linux-x86_64-fedora-gcc | 0.1.0 | 48.46 | NOTE | |||
r-devel-windows-x86_64 | 0.1.0 | 4.00 | 42.00 | 46.00 | NOTE | |
r-patched-linux-x86_64 | 0.1.0 | 1.50 | 18.95 | 20.45 | NOTE | |
r-release-linux-x86_64 | 0.1.0 | 1.44 | 18.68 | 20.12 | NOTE | |
r-release-macos-arm64 | 0.1.0 | 23.00 | NOTE | |||
r-release-macos-x86_64 | 0.1.0 | 37.00 | NOTE | |||
r-release-windows-x86_64 | 0.1.0 | 3.00 | 42.00 | 45.00 | NOTE | |
r-oldrel-macos-arm64 | 0.1.0 | 40.00 | NOTE | |||
r-oldrel-macos-x86_64 | 0.1.0 | 55.00 | NOTE | |||
r-oldrel-windows-x86_64 | 0.1.0 | 3.00 | 42.00 | 45.00 | NOTE |
Version: 0.1.0
Check: package dependencies
Result: NOTE
Package suggested but not available for checking: ‘cmdstanr’
Flavors: r-devel-linux-x86_64-debian-clang, r-devel-linux-x86_64-debian-gcc, r-devel-linux-x86_64-fedora-clang, r-devel-linux-x86_64-fedora-gcc, r-devel-windows-x86_64, r-patched-linux-x86_64, r-release-linux-x86_64, r-release-macos-arm64, r-release-macos-x86_64, r-release-windows-x86_64, r-oldrel-macos-arm64, r-oldrel-macos-x86_64, r-oldrel-windows-x86_64