CRAN Package Check Results for Package gpcp

Last updated on 2025-04-29 19:50:33 CEST.

Flavor Version Tinstall Tcheck Ttotal Status Flags
r-devel-linux-x86_64-debian-clang 0.1.0 66.02 424.49 490.51 NOTE
r-devel-linux-x86_64-debian-gcc 0.1.0 47.94 307.09 355.03 NOTE
r-devel-linux-x86_64-fedora-clang 0.1.0 809.70 NOTE
r-devel-linux-x86_64-fedora-gcc 0.1.0 759.04 NOTE
r-devel-windows-x86_64 0.1.0 69.00 353.00 422.00 OK
r-patched-linux-x86_64 0.1.0 57.60 390.57 448.17 OK
r-release-linux-x86_64 0.1.0 62.90 372.84 435.74 OK
r-release-macos-arm64 0.1.0 275.00 OK
r-release-macos-x86_64 0.1.0 378.00 OK
r-release-windows-x86_64 0.1.0 70.00 357.00 427.00 OK
r-oldrel-macos-arm64 0.1.0 245.00 OK
r-oldrel-macos-x86_64 0.1.0 349.00 OK
r-oldrel-windows-x86_64 0.1.0 85.00 472.00 557.00 OK

Check Details

Version: 0.1.0
Check: examples
Result: NOTE Examples with CPU (user + system) or elapsed time > 5s user system elapsed runGPCP 8.366 1.604 13.332 Flavor: r-devel-linux-x86_64-debian-clang

Version: 0.1.0
Check: examples
Result: NOTE Examples with CPU (user + system) or elapsed time > 5s user system elapsed runGPCP 6.829 0.614 9.33 Flavor: r-devel-linux-x86_64-debian-gcc

Version: 0.1.0
Check: dependencies in R code
Result: NOTE Namespaces in Imports field not imported from: ‘BiocManager’ ‘snpStats’ All declared Imports should be used. Flavors: r-devel-linux-x86_64-fedora-clang, r-devel-linux-x86_64-fedora-gcc