CRAN Package Check Results for Package gofCopula

Last updated on 2025-05-01 14:49:11 CEST.

Flavor Version Tinstall Tcheck Ttotal Status Flags
r-devel-linux-x86_64-debian-clang 0.4-1 37.50 184.85 222.35 NOTE
r-devel-linux-x86_64-debian-gcc 0.4-1 24.43 134.43 158.86 NOTE
r-devel-linux-x86_64-fedora-clang 0.4-1 367.06 OK
r-devel-linux-x86_64-fedora-gcc 0.4-1 364.37 OK
r-devel-windows-x86_64 0.4-1 38.00 184.00 222.00 NOTE
r-patched-linux-x86_64 0.4-1 39.78 187.37 227.15 NOTE
r-release-linux-x86_64 NOTE
r-release-macos-arm64 0.4-1 99.00 OK
r-release-macos-x86_64 0.4-1 201.00 OK
r-release-windows-x86_64 0.4-1 39.00 188.00 227.00 NOTE
r-oldrel-macos-arm64 0.4-1 77.00 OK
r-oldrel-macos-x86_64 0.4-1 129.00 OK
r-oldrel-windows-x86_64 0.4-1 50.00 224.00 274.00 OK

Check Details

Version: 0.4-1
Check: CRAN incoming feasibility
Result: NOTE Maintainer: ‘Simon Trimborn <trimborn.econometrics@gmail.com>’ No Authors@R field in DESCRIPTION. Please add one, modifying Authors@R: c(person(given = "Ostap", family = "Okhrin", role = "aut", email = "ostap.okhrin@tu-dresden.de"), person(given = "Simon", family = "Trimborn", role = c("aut", "cre"), email = "trimborn.econometrics@gmail.com"), person(given = "Martin", family = "Waltz", role = "aut", email = "martin.waltz@tu-dresden.de")) as necessary. Flavors: r-devel-linux-x86_64-debian-clang, r-devel-linux-x86_64-debian-gcc

Version: 0.4-1
Check: Rd cross-references
Result: NOTE Found the following Rd file(s) with Rd \link{} targets missing package anchors: gofArchmChisq.Rd: gofTstat gofArchmGamma.Rd: gofTstat gofArchmSnB.Rd: gofTstat gofArchmSnC.Rd: gofTstat gofCvM.Rd: gofTstat gofKS.Rd: gofTstat gofRosenblattChisq.Rd: gofTstat gofRosenblattGamma.Rd: gofTstat gofRosenblattSnB.Rd: gofTstat gofRosenblattSnC.Rd: gofTstat plot.gofCOP.Rd: pirateplot Please provide package anchors for all Rd \link{} targets not in the package itself and the base packages. Flavors: r-devel-linux-x86_64-debian-clang, r-devel-linux-x86_64-debian-gcc, r-devel-windows-x86_64, r-patched-linux-x86_64, r-release-linux-x86_64, r-release-windows-x86_64

Version: 0.4-1
Check: examples
Result: NOTE Examples with CPU (user + system) or elapsed time > 5s user system elapsed gofArchmSnB 4.496 0.097 5.636 Flavor: r-devel-linux-x86_64-debian-clang

Version: 0.4-1
Check: examples
Result: NA user system elapsed gofOutputHybrid 4.331 0.107 5.078 OK Flavor: r-devel-linux-x86_64-debian-gcc