Last updated on 2025-07-19 08:48:37 CEST.
Flavor | Version | Tinstall | Tcheck | Ttotal | Status | Flags |
---|---|---|---|---|---|---|
r-devel-linux-x86_64-debian-clang | 0.8.0 | 5.26 | 63.52 | 68.78 | OK | |
r-devel-linux-x86_64-debian-gcc | 0.8.0 | 3.58 | 46.96 | 50.54 | OK | |
r-devel-linux-x86_64-fedora-clang | 0.8.0 | 101.79 | NOTE | |||
r-devel-linux-x86_64-fedora-gcc | 0.8.0 | 109.35 | NOTE | |||
r-devel-windows-x86_64 | 0.8.0 | 7.00 | 79.00 | 86.00 | OK | |
r-patched-linux-x86_64 | 0.8.0 | 4.23 | 57.77 | 62.00 | OK | |
r-release-linux-x86_64 | 0.8.0 | 4.47 | 58.34 | 62.81 | OK | |
r-release-macos-arm64 | 0.8.0 | 55.00 | OK | |||
r-release-macos-x86_64 | 0.8.0 | 74.00 | OK | |||
r-release-windows-x86_64 | 0.8.0 | 8.00 | 78.00 | 86.00 | OK | |
r-oldrel-macos-arm64 | 0.8.0 | 43.00 | OK | |||
r-oldrel-macos-x86_64 | 0.8.0 | 61.00 | OK | |||
r-oldrel-windows-x86_64 | 0.8.0 | 9.00 | 91.00 | 100.00 | OK |
Version: 0.8.0
Check: dependencies in R code
Result: NOTE
Namespace in Imports field not imported from: ‘rlang’
All declared Imports should be used.
Flavors: r-devel-linux-x86_64-fedora-clang, r-devel-linux-x86_64-fedora-gcc