Last updated on 2025-11-01 08:49:44 CET.
| Flavor | Version | Tinstall | Tcheck | Ttotal | Status | Flags |
|---|---|---|---|---|---|---|
| r-devel-linux-x86_64-debian-clang | 0.6-2 | 60.79 | 337.34 | 398.13 | OK | |
| r-devel-linux-x86_64-debian-gcc | 0.6-2 | 41.55 | 227.38 | 268.93 | OK | |
| r-devel-linux-x86_64-fedora-clang | 0.6-2 | 153.00 | 495.34 | 648.34 | NOTE | |
| r-devel-linux-x86_64-fedora-gcc | 0.6-2 | 154.00 | 478.18 | 632.18 | NOTE | |
| r-devel-windows-x86_64 | 0.6-2 | 50.00 | 235.00 | 285.00 | OK | |
| r-patched-linux-x86_64 | 0.6-2 | 60.09 | 319.02 | 379.11 | OK | |
| r-release-linux-x86_64 | 0.6-2 | 55.46 | 320.73 | 376.19 | OK | |
| r-release-macos-arm64 | 0.6-2 | 23.00 | 102.00 | 125.00 | OK | |
| r-release-macos-x86_64 | 0.6-2 | 45.00 | 230.00 | 275.00 | OK | |
| r-release-windows-x86_64 | 0.6-2 | 56.00 | 264.00 | 320.00 | WARN | |
| r-oldrel-macos-arm64 | 0.6-2 | 28.00 | 121.00 | 149.00 | OK | |
| r-oldrel-macos-x86_64 | 0.6-2 | 48.00 | 222.00 | 270.00 | OK | |
| r-oldrel-windows-x86_64 | 0.6-2 | 77.00 | 360.00 | 437.00 | WARN |
Version: 0.6-2
Check: dependencies in R code
Result: NOTE
Namespaces in Imports field not imported from:
‘DiceKriging’ ‘rgenoud’
All declared Imports should be used.
Flavors: r-devel-linux-x86_64-fedora-clang, r-devel-linux-x86_64-fedora-gcc
Version: 0.6-2
Check: whether package can be installed
Result: WARN
Found the following significant warnings:
Warning: Torch libraries are installed but loading them caused a segfault.
Flavors: r-release-windows-x86_64, r-oldrel-windows-x86_64