CRAN Package Check Results for Package glmnet

Last updated on 2025-05-01 14:49:11 CEST.

Flavor Version Tinstall Tcheck Ttotal Status Flags
r-devel-linux-x86_64-debian-clang 4.1-8 93.36 239.12 332.48 NOTE
r-devel-linux-x86_64-debian-gcc 4.1-8 81.21 175.80 257.01 NOTE
r-devel-linux-x86_64-fedora-clang 4.1-8 527.53 NOTE
r-devel-linux-x86_64-fedora-gcc 4.1-8 583.91 NOTE
r-devel-windows-x86_64 4.1-8 100.00 412.00 512.00 NOTE
r-patched-linux-x86_64 4.1-8 108.24 235.86 344.10 NOTE
r-release-linux-x86_64 NOTE
r-release-macos-arm64 4.1-8 183.00 NOTE
r-release-macos-x86_64 4.1-8 395.00 NOTE
r-release-windows-x86_64 4.1-8 101.00 419.00 520.00 NOTE
r-oldrel-macos-arm64 4.1-8 150.00 NOTE
r-oldrel-macos-x86_64 4.1-8 287.00 NOTE
r-oldrel-windows-x86_64 4.1-8 111.00 423.00 534.00 OK

Check Details

Version: 4.1-8
Check: compiled code
Result: NOTE File ‘glmnet/libs/glmnet.so’: Found non-API call to R: ‘SET_TYPEOF’ Compiled code should not call non-API entry points in R. See ‘Writing portable packages’ in the ‘Writing R Extensions’ manual, and section ‘Moving into C API compliance’ for issues with the use of non-API entry points. Flavors: r-devel-linux-x86_64-debian-clang, r-devel-linux-x86_64-debian-gcc, r-devel-linux-x86_64-fedora-clang, r-devel-linux-x86_64-fedora-gcc, r-patched-linux-x86_64, r-release-linux-x86_64, r-release-macos-arm64, r-release-macos-x86_64

Version: 4.1-8
Check: examples
Result: NOTE Examples with CPU (user + system) or elapsed time > 5s user system elapsed glmnet 4.938 0.040 5.311 cox.path 4.449 0.000 5.200 plot.cv.glmnet 4.299 0.015 5.215 Flavor: r-devel-linux-x86_64-debian-clang

Version: 4.1-8
Check: compiled code
Result: NOTE File 'glmnet/libs/x64/glmnet.dll': Found non-API call to R: 'SET_TYPEOF' Compiled code should not call non-API entry points in R. See 'Writing portable packages' in the 'Writing R Extensions' manual, and section 'Moving into C API compliance' for issues with the use of non-API entry points. Flavors: r-devel-windows-x86_64, r-release-windows-x86_64

Version: 4.1-8
Check: installed package size
Result: NOTE installed size is 33.6Mb sub-directories of 1Mb or more: libs 31.7Mb Flavors: r-oldrel-macos-arm64, r-oldrel-macos-x86_64