Last updated on 2024-06-29 11:49:13 CEST.
Flavor | Version | Tinstall | Tcheck | Ttotal | Status | Flags |
---|---|---|---|---|---|---|
r-devel-linux-x86_64-debian-clang | 0.1.8 | 297.80 | 191.38 | 489.18 | NOTE | |
r-devel-linux-x86_64-debian-gcc | 0.1.8 | 225.03 | 157.72 | 382.75 | NOTE | |
r-devel-linux-x86_64-fedora-clang | 0.1.8 | 613.95 | NOTE | |||
r-devel-linux-x86_64-fedora-gcc | 0.1.8 | 724.60 | NOTE | |||
r-devel-windows-x86_64 | 0.1.8 | 200.00 | 187.00 | 387.00 | NOTE | |
r-patched-linux-x86_64 | 0.1.8 | 0.01 | 2.47 | 2.48 | ERROR | |
r-release-linux-x86_64 | 0.1.8 | 208.56 | 210.18 | 418.74 | NOTE | |
r-release-macos-arm64 | 0.1.8 | 148.00 | NOTE | |||
r-release-macos-x86_64 | 0.1.8 | 241.00 | NOTE | |||
r-release-windows-x86_64 | 0.1.8 | 215.00 | 184.00 | 399.00 | NOTE | |
r-oldrel-macos-arm64 | 0.1.8 | 145.00 | NOTE | |||
r-oldrel-macos-x86_64 | 0.1.8 | 337.00 | NOTE | |||
r-oldrel-windows-x86_64 | 0.1.8 | 278.00 | 225.00 | 503.00 | NOTE |
Version: 0.1.8
Check: for GNU extensions in Makefiles
Result: NOTE
GNU make is a SystemRequirements.
Flavors: r-devel-linux-x86_64-debian-clang, r-devel-linux-x86_64-debian-gcc, r-devel-linux-x86_64-fedora-clang, r-devel-linux-x86_64-fedora-gcc, r-devel-windows-x86_64, r-release-linux-x86_64, r-release-macos-arm64, r-release-macos-x86_64, r-release-windows-x86_64, r-oldrel-macos-arm64, r-oldrel-macos-x86_64, r-oldrel-windows-x86_64
Version: 0.1.8
Check: whether package can be installed
Result: ERROR
Installation failed.
Flavor: r-patched-linux-x86_64
Version: 0.1.8
Check: installed package size
Result: NOTE
installed size is 93.0Mb
sub-directories of 1Mb or more:
libs 92.3Mb
Flavors: r-release-macos-arm64, r-release-macos-x86_64, r-oldrel-macos-arm64, r-oldrel-macos-x86_64