Last updated on 2025-05-09 10:49:28 CEST.
Flavor | Version | Tinstall | Tcheck | Ttotal | Status | Flags |
---|---|---|---|---|---|---|
r-devel-linux-x86_64-debian-clang | 1.1.11 | 235.07 | 357.13 | 592.20 | OK | |
r-devel-linux-x86_64-debian-gcc | 1.1.11 | 188.42 | 274.20 | 462.62 | OK | |
r-devel-linux-x86_64-fedora-clang | 1.1.11 | 1128.01 | OK | |||
r-devel-linux-x86_64-fedora-gcc | 1.1.11 | 1115.58 | OK | |||
r-devel-windows-x86_64 | 1.1.11 | 228.00 | 318.00 | 546.00 | OK | --no-vignettes |
r-patched-linux-x86_64 | 1.1.11 | 258.17 | 348.82 | 606.99 | OK | |
r-release-linux-x86_64 | 1.1.11 | 247.17 | 350.45 | 597.62 | OK | |
r-release-macos-arm64 | 1.1.11 | 255.00 | OK | |||
r-release-macos-x86_64 | 1.1.11 | 562.00 | OK | |||
r-release-windows-x86_64 | 1.1.11 | 229.00 | 334.00 | 563.00 | OK | --no-vignettes |
r-oldrel-macos-arm64 | 1.1.11 | 262.00 | NOTE | |||
r-oldrel-macos-x86_64 | 1.1.11 | 531.00 | NOTE | |||
r-oldrel-windows-x86_64 | 1.1.11 | 272.00 | 367.00 | 639.00 | NOTE | --no-vignettes |
Version: 1.1.11
Check: installed package size
Result: NOTE
installed size is 97.2Mb
sub-directories of 1Mb or more:
doc 1.7Mb
libs 91.3Mb
test_data 2.7Mb
Flavors: r-oldrel-macos-arm64, r-oldrel-macos-x86_64
Version: 1.1.11
Flags: --no-vignettes
Check: installed package size
Result: NOTE
installed size is 10.2Mb
sub-directories of 1Mb or more:
doc 1.7Mb
libs 4.4Mb
test_data 2.7Mb
Flavor: r-oldrel-windows-x86_64