CRAN Package Check Results for Package ggtricks

Last updated on 2025-05-05 03:50:21 CEST.

Flavor Version Tinstall Tcheck Ttotal Status Flags
r-devel-linux-x86_64-debian-clang 0.1.0 5.14 35.44 40.58 NOTE
r-devel-linux-x86_64-debian-gcc 0.1.0 3.76 26.40 30.16 NOTE
r-devel-linux-x86_64-fedora-clang 0.1.0 58.33 NOTE
r-devel-linux-x86_64-fedora-gcc 0.1.0 64.67 NOTE
r-devel-windows-x86_64 0.1.0 10.00 57.00 67.00 NOTE
r-patched-linux-x86_64 0.1.0 6.25 32.40 38.65 NOTE
r-release-linux-x86_64 0.1.0 5.97 32.39 38.36 NOTE
r-release-macos-arm64 0.1.0 32.00 NOTE
r-release-macos-x86_64 0.1.0 35.00 NOTE
r-release-windows-x86_64 0.1.0 9.00 54.00 63.00 NOTE
r-oldrel-macos-arm64 0.1.0 20.00 OK
r-oldrel-macos-x86_64 0.1.0 30.00 OK
r-oldrel-windows-x86_64 0.1.0 9.00 62.00 71.00 OK

Check Details

Version: 0.1.0
Check: DESCRIPTION meta-information
Result: NOTE Missing dependency on R >= 4.1.0 because package code uses the pipe |> or function shorthand \(...) syntax added in R 4.1.0. File(s) using such syntax: ‘geom_donut.Rd’ ‘geom_donut_slice.Rd’ ‘geom_pie.Rd’ ‘geom_series_circles.Rd’ ‘geom_series_text.Rd’ ‘geom_slice.Rd’ ‘stat-series-circles.R’ Flavors: r-devel-linux-x86_64-debian-clang, r-devel-linux-x86_64-debian-gcc, r-devel-linux-x86_64-fedora-clang, r-devel-linux-x86_64-fedora-gcc, r-devel-windows-x86_64, r-patched-linux-x86_64, r-release-linux-x86_64, r-release-macos-arm64, r-release-macos-x86_64, r-release-windows-x86_64