CRAN Package Check Results for Package ggsom

Last updated on 2025-04-30 19:50:02 CEST.

Flavor Version Tinstall Tcheck Ttotal Status Flags
r-devel-linux-x86_64-debian-clang 0.4.0 5.95 48.89 54.84 NOTE
r-devel-linux-x86_64-debian-gcc 0.4.0 4.23 34.21 38.44 NOTE
r-devel-linux-x86_64-fedora-clang 0.4.0 77.80 OK
r-devel-linux-x86_64-fedora-gcc 0.4.0 74.07 OK
r-devel-windows-x86_64 0.4.0 8.00 63.00 71.00 OK
r-patched-linux-x86_64 0.4.0 5.70 45.22 50.92 OK
r-release-linux-x86_64 0.4.0 6.07 45.32 51.39 OK
r-release-macos-arm64 0.4.0 25.00 OK
r-release-macos-x86_64 0.4.0 45.00 OK
r-release-windows-x86_64 0.4.0 9.00 65.00 74.00 OK
r-oldrel-macos-arm64 0.4.0 27.00 NOTE
r-oldrel-macos-x86_64 0.4.0 39.00 NOTE
r-oldrel-windows-x86_64 0.4.0 8.00 74.00 82.00 NOTE

Check Details

Version: 0.4.0
Check: CRAN incoming feasibility
Result: NOTE Maintainer: ‘Felipe Carvalho <lipecaso@gmail.com>’ Package CITATION file contains call(s) to old-style personList() or as.personList(). Please use c() on person objects instead. Package CITATION file contains call(s) to old-style citEntry(). Please use bibentry() instead. Flavors: r-devel-linux-x86_64-debian-clang, r-devel-linux-x86_64-debian-gcc

Version: 0.4.0
Check: LazyData
Result: NOTE 'LazyData' is specified without a 'data' directory Flavors: r-oldrel-macos-arm64, r-oldrel-macos-x86_64, r-oldrel-windows-x86_64