Last updated on 2024-06-29 11:49:13 CEST.
Flavor | Version | Tinstall | Tcheck | Ttotal | Status | Flags |
---|---|---|---|---|---|---|
r-devel-linux-x86_64-debian-clang | 1.6.3 | 21.43 | 89.01 | 110.44 | OK | |
r-devel-linux-x86_64-debian-gcc | 1.6.3 | 17.08 | 66.61 | 83.69 | OK | |
r-devel-linux-x86_64-fedora-clang | 1.6.3 | 138.17 | NOTE | |||
r-devel-linux-x86_64-fedora-gcc | 1.6.3 | 129.27 | NOTE | |||
r-devel-windows-x86_64 | 1.6.3 | 18.00 | 94.00 | 112.00 | OK | |
r-patched-linux-x86_64 | 1.6.3 | 16.30 | 83.92 | 100.22 | OK | |
r-release-linux-x86_64 | 1.6.3 | 13.28 | 84.88 | 98.16 | OK | |
r-release-macos-arm64 | 1.6.3 | 48.00 | OK | |||
r-release-macos-x86_64 | 1.6.3 | 71.00 | OK | |||
r-release-windows-x86_64 | 1.6.3 | 18.00 | 88.00 | 106.00 | OK | |
r-oldrel-macos-arm64 | 1.6.3 | 48.00 | OK | |||
r-oldrel-macos-x86_64 | 1.6.3 | 71.00 | OK | |||
r-oldrel-windows-x86_64 | 1.6.3 | 23.00 | 99.00 | 122.00 | OK |
Version: 1.6.3
Check: dependencies in R code
Result: NOTE
Namespaces in Imports field not imported from:
‘magrittr’ ‘utils’
All declared Imports should be used.
Flavors: r-devel-linux-x86_64-fedora-clang, r-devel-linux-x86_64-fedora-gcc