Last updated on 2024-06-29 11:49:13 CEST.
Flavor | Version | Tinstall | Tcheck | Ttotal | Status | Flags |
---|---|---|---|---|---|---|
r-devel-linux-x86_64-debian-clang | 0.5.6 | 23.20 | 374.52 | 397.72 | OK | |
r-devel-linux-x86_64-debian-gcc | 0.6.0 | 16.07 | 275.85 | 291.92 | OK | |
r-devel-linux-x86_64-fedora-clang | 0.6.0 | 507.39 | OK | |||
r-devel-linux-x86_64-fedora-gcc | 0.6.0 | 488.59 | OK | |||
r-devel-windows-x86_64 | 0.5.6 | 23.00 | 250.00 | 273.00 | OK | |
r-patched-linux-x86_64 | 0.5.6 | 31.38 | 360.51 | 391.89 | OK | |
r-release-linux-x86_64 | 0.5.6 | 20.21 | 355.85 | 376.06 | OK | |
r-release-macos-arm64 | 0.6.0 | 133.00 | OK | |||
r-release-macos-x86_64 | 0.6.0 | 337.00 | OK | |||
r-release-windows-x86_64 | 0.5.6 | 24.00 | 291.00 | 315.00 | OK | |
r-oldrel-macos-arm64 | 0.6.0 | 10.00 | ERROR | |||
r-oldrel-macos-x86_64 | 0.6.0 | 12.00 | ERROR | |||
r-oldrel-windows-x86_64 | 0.5.6 | 29.00 | 333.00 | 362.00 | OK |
Version: 0.6.0
Check: package dependencies
Result: ERROR
Package required and available but unsuitable version: ‘ggpp’
See section ‘The DESCRIPTION file’ in the ‘Writing R Extensions’
manual.
Flavors: r-oldrel-macos-arm64, r-oldrel-macos-x86_64