Last updated on 2025-04-30 07:55:09 CEST.
Flavor | Version | Tinstall | Tcheck | Ttotal | Status | Flags |
---|---|---|---|---|---|---|
r-devel-linux-x86_64-debian-clang | 1.0.1 | 4.50 | 45.58 | 50.08 | NOTE | |
r-devel-linux-x86_64-debian-gcc | 1.0.1 | 3.50 | 32.92 | 36.42 | OK | |
r-devel-linux-x86_64-fedora-clang | 1.0.1 | 67.33 | OK | |||
r-devel-linux-x86_64-fedora-gcc | 1.0.1 | 66.55 | OK | |||
r-devel-windows-x86_64 | 1.0.1 | 7.00 | 61.00 | 68.00 | OK | |
r-patched-linux-x86_64 | 1.0.1 | 5.36 | 40.95 | 46.31 | OK | |
r-release-linux-x86_64 | 1.0.1 | 4.86 | 41.63 | 46.49 | OK | |
r-release-macos-arm64 | 1.0.1 | 25.00 | OK | |||
r-release-macos-x86_64 | 1.0.1 | 39.00 | OK | |||
r-release-windows-x86_64 | 1.0.1 | 8.00 | 63.00 | 71.00 | OK | |
r-oldrel-macos-arm64 | 1.0.1 | 24.00 | OK | |||
r-oldrel-macos-x86_64 | 1.0.1 | 40.00 | OK | |||
r-oldrel-windows-x86_64 | 1.0.1 | 7.00 | 68.00 | 75.00 | OK |
Version: 1.0.1
Check: examples
Result: NOTE
Examples with CPU (user + system) or elapsed time > 5s
user system elapsed
draw_key_hexagon 0.333 0.027 8.268
Flavor: r-devel-linux-x86_64-debian-clang