CRAN Package Check Results for Package ggparallel

Last updated on 2025-04-29 19:50:33 CEST.

Flavor Version Tinstall Tcheck Ttotal Status Flags
r-devel-linux-x86_64-debian-clang 0.4.0 7.54 62.64 70.18 NOTE
r-devel-linux-x86_64-debian-gcc 0.4.0 5.42 45.63 51.05 NOTE
r-devel-linux-x86_64-fedora-clang 0.4.0 101.97 OK
r-devel-linux-x86_64-fedora-gcc 0.4.0 99.71 OK
r-devel-windows-x86_64 0.4.0 10.00 76.00 86.00 OK
r-patched-linux-x86_64 0.4.0 7.45 59.11 66.56 OK
r-release-linux-x86_64 0.4.0 6.62 59.24 65.86 OK
r-release-macos-arm64 0.4.0 37.00 OK
r-release-macos-x86_64 0.4.0 56.00 OK
r-release-windows-x86_64 0.4.0 10.00 76.00 86.00 OK
r-oldrel-macos-arm64 0.4.0 33.00 OK
r-oldrel-macos-x86_64 0.4.0 47.00 OK
r-oldrel-windows-x86_64 0.4.0 11.00 89.00 100.00 OK

Check Details

Version: 0.4.0
Check: examples
Result: NOTE Examples with CPU (user + system) or elapsed time > 5s user system elapsed ggparallel 7.091 0.139 8.588 Flavor: r-devel-linux-x86_64-debian-clang

Version: 0.4.0
Check: examples
Result: NOTE Examples with CPU (user + system) or elapsed time > 5s user system elapsed ggparallel 4.782 0.232 6.218 Flavor: r-devel-linux-x86_64-debian-gcc