Last updated on 2024-06-29 11:49:13 CEST.
Flavor | Version | Tinstall | Tcheck | Ttotal | Status | Flags |
---|---|---|---|---|---|---|
r-devel-linux-x86_64-debian-clang | 0.4.2 | 118.01 | 175.27 | 293.28 | OK | |
r-devel-linux-x86_64-debian-gcc | 0.4.2 | 87.14 | 126.02 | 213.16 | OK | |
r-devel-linux-x86_64-fedora-clang | 0.4.2 | 378.83 | OK | |||
r-devel-linux-x86_64-fedora-gcc | 0.4.2 | 379.52 | OK | |||
r-devel-windows-x86_64 | 0.4.2 | 90.00 | 164.00 | 254.00 | OK | |
r-patched-linux-x86_64 | 0.4.2 | 107.20 | 167.20 | 274.40 | OK | |
r-release-linux-x86_64 | 0.4.2 | 107.49 | 161.80 | 269.29 | OK | |
r-release-macos-arm64 | 0.4.2 | 87.00 | NOTE | |||
r-release-macos-x86_64 | 0.4.2 | 134.00 | NOTE | |||
r-release-windows-x86_64 | 0.4.2 | 88.00 | 167.00 | 255.00 | OK | |
r-oldrel-macos-arm64 | 0.4.2 | 90.00 | NOTE | |||
r-oldrel-macos-x86_64 | 0.4.2 | 193.00 | NOTE | |||
r-oldrel-windows-x86_64 | 0.4.2 | 111.00 | 209.00 | 320.00 | OK |
Version: 0.4.2
Check: installed package size
Result: NOTE
installed size is 22.3Mb
sub-directories of 1Mb or more:
help 1.2Mb
libs 20.4Mb
Flavors: r-release-macos-arm64, r-release-macos-x86_64, r-oldrel-macos-arm64, r-oldrel-macos-x86_64