Last updated on 2025-04-30 01:50:21 CEST.
Flavor | Version | Tinstall | Tcheck | Ttotal | Status | Flags |
---|---|---|---|---|---|---|
r-devel-linux-x86_64-debian-clang | 12.3.0 | 7.89 | 162.59 | 170.48 | NOTE | |
r-devel-linux-x86_64-debian-gcc | 12.3.0 | 5.20 | 111.94 | 117.14 | OK | |
r-devel-linux-x86_64-fedora-clang | 12.3.0 | 130.44 | OK | |||
r-devel-linux-x86_64-fedora-gcc | 12.3.0 | 144.28 | OK | |||
r-devel-windows-x86_64 | 12.3.0 | 14.00 | 260.00 | 274.00 | OK | |
r-patched-linux-x86_64 | 12.2.0 | 13.05 | 151.71 | 164.76 | OK | |
r-release-linux-x86_64 | 12.2.0 | 8.06 | 150.71 | 158.77 | OK | |
r-release-macos-arm64 | 12.3.0 | 60.00 | OK | |||
r-release-macos-x86_64 | 12.3.0 | 107.00 | OK | |||
r-release-windows-x86_64 | 12.2.0 | 9.00 | 246.00 | 255.00 | OK | |
r-oldrel-macos-arm64 | 12.3.0 | 69.00 | OK | |||
r-oldrel-macos-x86_64 | 12.3.0 | 114.00 | OK | |||
r-oldrel-windows-x86_64 | 12.2.0 | 12.00 | 316.00 | 328.00 | OK |
Version: 12.3.0
Check: examples
Result: NOTE
Examples with CPU (user + system) or elapsed time > 5s
user system elapsed
gg_blanket 1.108 0.004 11.412
gg_smooth 0.973 0.000 9.963
Flavor: r-devel-linux-x86_64-debian-clang