Last updated on 2024-07-02 01:57:10 CEST.
Flavor | Version | Tinstall | Tcheck | Ttotal | Status | Flags |
---|---|---|---|---|---|---|
r-devel-linux-x86_64-debian-clang | 0.1.5 | 7.10 | 55.86 | 62.96 | NOTE | |
r-devel-linux-x86_64-debian-gcc | 0.1.5 | 5.66 | 41.99 | 47.65 | NOTE | |
r-devel-linux-x86_64-fedora-clang | 0.1.5 | 79.95 | NOTE | |||
r-devel-linux-x86_64-fedora-gcc | 0.1.5 | 73.28 | NOTE | |||
r-devel-windows-x86_64 | 0.1.5 | 8.00 | 59.00 | 67.00 | NOTE | |
r-patched-linux-x86_64 | 0.1.5 | 6.09 | 51.95 | 58.04 | NOTE | |
r-release-linux-x86_64 | 0.1.5 | 6.59 | 52.84 | 59.43 | NOTE | |
r-release-macos-arm64 | 0.1.5 | 30.00 | NOTE | |||
r-release-macos-x86_64 | 0.1.5 | 47.00 | NOTE | |||
r-release-windows-x86_64 | 0.1.5 | 9.00 | 58.00 | 67.00 | NOTE | |
r-oldrel-macos-arm64 | 0.1.5 | 31.00 | NOTE | |||
r-oldrel-macos-x86_64 | 0.1.5 | 51.00 | NOTE | |||
r-oldrel-windows-x86_64 | 0.1.5 | 10.00 | 68.00 | 78.00 | NOTE |
Version: 0.1.5
Check: LazyData
Result: NOTE
'LazyData' is specified without a 'data' directory
Flavors: r-devel-linux-x86_64-debian-clang, r-devel-linux-x86_64-debian-gcc, r-devel-linux-x86_64-fedora-clang, r-devel-linux-x86_64-fedora-gcc, r-devel-windows-x86_64, r-patched-linux-x86_64, r-release-linux-x86_64, r-release-macos-arm64, r-release-macos-x86_64, r-release-windows-x86_64, r-oldrel-macos-arm64, r-oldrel-macos-x86_64, r-oldrel-windows-x86_64