Last updated on 2024-06-29 11:49:13 CEST.
Flavor | Version | Tinstall | Tcheck | Ttotal | Status | Flags |
---|---|---|---|---|---|---|
r-devel-linux-x86_64-debian-clang | 1.0.2 | 174.53 | 202.70 | 377.23 | NOTE | |
r-devel-linux-x86_64-debian-gcc | 1.0.2 | 147.11 | 164.57 | 311.68 | NOTE | |
r-devel-linux-x86_64-fedora-clang | 1.0.2 | 487.72 | NOTE | |||
r-devel-linux-x86_64-fedora-gcc | 1.0.2 | 592.87 | NOTE | |||
r-devel-windows-x86_64 | 1.0.2 | 130.00 | 159.00 | 289.00 | NOTE | |
r-patched-linux-x86_64 | 1.0.2 | 167.84 | 210.61 | 378.45 | NOTE | |
r-release-linux-x86_64 | 1.0.2 | 182.87 | 211.43 | 394.30 | NOTE | |
r-release-macos-arm64 | 1.0.2 | 119.00 | NOTE | |||
r-release-macos-x86_64 | 1.0.2 | 148.00 | NOTE | |||
r-release-windows-x86_64 | 1.0.2 | 132.00 | 162.00 | 294.00 | NOTE | |
r-oldrel-macos-arm64 | 1.0.2 | 136.00 | NOTE | |||
r-oldrel-macos-x86_64 | 1.0.2 | 209.00 | NOTE | |||
r-oldrel-windows-x86_64 | 1.0.2 | 158.00 | 196.00 | 354.00 | NOTE |
Version: 1.0.2
Check: C++ specification
Result: NOTE
Specified C++11: please drop specification unless essential
Flavors: r-devel-linux-x86_64-debian-clang, r-devel-linux-x86_64-debian-gcc, r-devel-linux-x86_64-fedora-clang, r-devel-linux-x86_64-fedora-gcc, r-devel-windows-x86_64, r-patched-linux-x86_64, r-release-linux-x86_64, r-release-macos-arm64, r-release-macos-x86_64, r-release-windows-x86_64, r-oldrel-macos-arm64, r-oldrel-macos-x86_64, r-oldrel-windows-x86_64
Version: 1.0.2
Check: Rd files
Result: NOTE
checkRd: (-1) gesso.cv.Rd:46: Lost braces in \itemize; \value handles \item{}{} directly
checkRd: (-1) gesso.cv.Rd:47: Lost braces in \itemize; \value handles \item{}{} directly
checkRd: (-1) gesso.cv.Rd:48: Lost braces in \itemize; \value handles \item{}{} directly
checkRd: (-1) gesso.cv.Rd:49: Lost braces in \itemize; \value handles \item{}{} directly
checkRd: (-1) gesso.cv.Rd:50: Lost braces in \itemize; \value handles \item{}{} directly
Flavors: r-devel-linux-x86_64-debian-clang, r-devel-linux-x86_64-debian-gcc, r-devel-linux-x86_64-fedora-clang, r-devel-linux-x86_64-fedora-gcc, r-devel-windows-x86_64, r-patched-linux-x86_64, r-release-linux-x86_64, r-release-macos-arm64, r-release-macos-x86_64, r-release-windows-x86_64
Version: 1.0.2
Check: installed package size
Result: NOTE
installed size is 33.2Mb
sub-directories of 1Mb or more:
libs 32.9Mb
Flavors: r-release-macos-arm64, r-release-macos-x86_64, r-oldrel-macos-arm64, r-oldrel-macos-x86_64