CRAN Package Check Results for Package geoFKF

Last updated on 2025-05-01 14:49:10 CEST.

Flavor Version Tinstall Tcheck Ttotal Status Flags
r-devel-linux-x86_64-debian-clang 0.1.1 20.05 45.17 65.22 NOTE
r-devel-linux-x86_64-debian-gcc 0.1.1 13.58 34.35 47.93 NOTE
r-devel-linux-x86_64-fedora-clang 0.1.1 103.36 NOTE
r-devel-linux-x86_64-fedora-gcc 0.1.1 98.77 NOTE
r-devel-windows-x86_64 0.1.1 24.00 81.00 105.00 NOTE
r-patched-linux-x86_64 0.1.1 19.59 46.54 66.13 NOTE
r-release-linux-x86_64 NOTE
r-release-macos-arm64 0.1.1 34.00 NOTE
r-release-macos-x86_64 0.1.1 47.00 NOTE
r-release-windows-x86_64 0.1.1 24.00 85.00 109.00 NOTE
r-oldrel-macos-arm64 0.1.1 28.00 NOTE
r-oldrel-macos-x86_64 0.1.1 39.00 NOTE
r-oldrel-windows-x86_64 0.1.1 27.00 86.00 113.00 NOTE

Check Details

Version: 0.1.1
Check: C++ specification
Result: NOTE Specified C++11: please drop specification unless essential Flavors: r-devel-linux-x86_64-debian-clang, r-devel-linux-x86_64-debian-gcc, r-devel-linux-x86_64-fedora-clang, r-devel-linux-x86_64-fedora-gcc, r-devel-windows-x86_64, r-patched-linux-x86_64, r-release-linux-x86_64, r-release-macos-arm64, r-release-macos-x86_64, r-release-windows-x86_64, r-oldrel-macos-arm64, r-oldrel-macos-x86_64, r-oldrel-windows-x86_64

Version: 0.1.1
Check: examples
Result: NOTE Examples with CPU (user + system) or elapsed time > 5s user system elapsed geo_fkf 10.786 0.422 7.306 log_lik_rf 8.468 0.294 5.479 Flavor: r-devel-linux-x86_64-debian-clang

Version: 0.1.1
Check: examples
Result: NA user system elapsed geo_fkf 6.963 0.026 5.027 log_lik_rf 6.777 0.039 4.402 OK Flavor: r-devel-linux-x86_64-debian-gcc