Last updated on 2024-07-02 01:57:10 CEST.
Flavor | Version | Tinstall | Tcheck | Ttotal | Status | Flags |
---|---|---|---|---|---|---|
r-devel-linux-x86_64-debian-clang | 0.1.1 | 33.43 | 45.43 | 78.86 | NOTE | |
r-devel-linux-x86_64-debian-gcc | 0.1.1 | 23.09 | 46.62 | 69.71 | NOTE | |
r-devel-linux-x86_64-fedora-clang | 0.1.1 | 119.32 | NOTE | |||
r-devel-linux-x86_64-fedora-gcc | 0.1.1 | 114.37 | NOTE | |||
r-devel-windows-x86_64 | 0.1.1 | 27.00 | 74.00 | 101.00 | NOTE | |
r-patched-linux-x86_64 | 0.1.1 | 29.26 | 53.10 | 82.36 | NOTE | |
r-release-linux-x86_64 | 0.1.1 | 28.35 | 57.10 | 85.45 | NOTE | |
r-release-macos-arm64 | 0.1.1 | 28.00 | NOTE | |||
r-release-macos-x86_64 | 0.1.1 | 39.00 | NOTE | |||
r-release-windows-x86_64 | 0.1.1 | 28.00 | 74.00 | 102.00 | NOTE | |
r-oldrel-macos-arm64 | 0.1.1 | 32.00 | NOTE | |||
r-oldrel-macos-x86_64 | 0.1.1 | 48.00 | NOTE | |||
r-oldrel-windows-x86_64 | 0.1.1 | 33.00 | 91.00 | 124.00 | NOTE |
Version: 0.1.1
Check: C++ specification
Result: NOTE
Specified C++11: please drop specification unless essential
Flavors: r-devel-linux-x86_64-debian-clang, r-devel-linux-x86_64-debian-gcc, r-devel-linux-x86_64-fedora-clang, r-devel-linux-x86_64-fedora-gcc, r-devel-windows-x86_64, r-patched-linux-x86_64, r-release-linux-x86_64, r-release-macos-arm64, r-release-macos-x86_64, r-release-windows-x86_64, r-oldrel-macos-arm64, r-oldrel-macos-x86_64, r-oldrel-windows-x86_64