Last updated on 2025-04-29 19:50:32 CEST.
Flavor | Version | Tinstall | Tcheck | Ttotal | Status | Flags |
---|---|---|---|---|---|---|
r-devel-linux-x86_64-debian-clang | 1.3.8.1.3 | 4.61 | 49.49 | 54.10 | NOTE | |
r-devel-linux-x86_64-debian-gcc | 1.3.8.1.3 | 3.18 | 34.92 | 38.10 | NOTE | |
r-devel-linux-x86_64-fedora-clang | 1.3.8.1.3 | 85.18 | NOTE | |||
r-devel-linux-x86_64-fedora-gcc | 1.3.8.1.3 | 81.63 | NOTE | |||
r-devel-windows-x86_64 | 1.3.8.1.3 | 6.00 | 69.00 | 75.00 | NOTE | |
r-patched-linux-x86_64 | 1.3.8.1.3 | 4.02 | 47.43 | 51.45 | NOTE | |
r-release-linux-x86_64 | 1.3.8.1.3 | 4.21 | 47.85 | 52.06 | NOTE | |
r-release-macos-arm64 | 1.3.8.1.3 | 24.00 | NOTE | |||
r-release-macos-x86_64 | 1.3.8.1.3 | 72.00 | NOTE | |||
r-release-windows-x86_64 | 1.3.8.1.3 | 6.00 | 73.00 | 79.00 | NOTE | |
r-oldrel-macos-arm64 | 1.3.8.1.3 | 25.00 | NOTE | |||
r-oldrel-macos-x86_64 | 1.3.8.1.3 | 64.00 | NOTE | |||
r-oldrel-windows-x86_64 | 1.3.8.1.3 | 7.00 | 86.00 | 93.00 | NOTE |
Version: 1.3.8.1.3
Check: CRAN incoming feasibility
Result: NOTE
Maintainer: ‘Gregory Warnes <greg@warnes.net>’
No Authors@R field in DESCRIPTION.
Please add one, modifying
Authors@R: c(person(given = "Gregory",
family = "Warnes",
role = c("aut", "cre"),
email = "greg@warnes.net"),
person(given = c("with", "contributions", "from", "Gregor"),
family = "Gorjanc",
role = "aut"),
person(given = "Friedrich",
family = "Leisch",
role = "aut"),
person(given = "Michael",
family = "Man.",
role = "aut"))
as necessary.
Flavors: r-devel-linux-x86_64-debian-clang, r-devel-linux-x86_64-debian-gcc
Version: 1.3.8.1.3
Check: Rd files
Result: NOTE
checkRd: (-1) LD.Rd:37-46: Lost braces in \itemize; meant \describe ?
checkRd: (-1) LD.Rd:47-64: Lost braces in \itemize; meant \describe ?
checkRd: (-1) LD.Rd:66-73: Lost braces in \itemize; meant \describe ?
checkRd: (-1) LD.Rd:78-79: Lost braces in \itemize; meant \describe ?
checkRd: (-1) LD.Rd:80-81: Lost braces in \itemize; meant \describe ?
checkRd: (-1) LD.Rd:82-83: Lost braces in \itemize; meant \describe ?
checkRd: (-1) LD.Rd:84-85: Lost braces in \itemize; meant \describe ?
checkRd: (-1) LD.Rd:86-87: Lost braces in \itemize; meant \describe ?
checkRd: (-1) diseq.Rd:48-58: Lost braces in \itemize; meant \describe ?
checkRd: (-1) diseq.Rd:59-76: Lost braces in \itemize; meant \describe ?
checkRd: (-1) diseq.Rd:78-87: Lost braces in \itemize; meant \describe ?
checkRd: (-1) diseq.Rd:93-94: Lost braces in \itemize; meant \describe ?
checkRd: (-1) diseq.Rd:95-96: Lost braces in \itemize; meant \describe ?
checkRd: (-1) diseq.Rd:97-98: Lost braces in \itemize; meant \describe ?
checkRd: (-1) diseq.Rd:124: Lost braces in \itemize; \value handles \item{}{} directly
checkRd: (-1) diseq.Rd:125: Lost braces in \itemize; \value handles \item{}{} directly
checkRd: (-1) diseq.Rd:126-128: Lost braces in \itemize; \value handles \item{}{} directly
checkRd: (-1) diseq.Rd:129: Lost braces in \itemize; \value handles \item{}{} directly
Flavors: r-devel-linux-x86_64-debian-clang, r-devel-linux-x86_64-debian-gcc, r-devel-linux-x86_64-fedora-clang, r-devel-linux-x86_64-fedora-gcc, r-devel-windows-x86_64, r-patched-linux-x86_64, r-release-linux-x86_64, r-release-macos-arm64, r-release-macos-x86_64, r-release-windows-x86_64, r-oldrel-macos-arm64, r-oldrel-macos-x86_64, r-oldrel-windows-x86_64
Version: 1.3.8.1.3
Check: examples
Result: NOTE
Examples with CPU (user + system) or elapsed time > 5s
user system elapsed
HWE.test 6.32 0.017 7.333
Flavor: r-devel-linux-x86_64-debian-clang