Last updated on 2025-10-09 06:51:07 CEST.
Flavor | Version | Tinstall | Tcheck | Ttotal | Status | Flags |
---|---|---|---|---|---|---|
r-devel-linux-x86_64-debian-clang | 1.0.4 | 3.15 | 30.11 | 33.26 | NOTE | |
r-devel-linux-x86_64-debian-gcc | 1.0.4 | 2.49 | 22.39 | 24.88 | NOTE | |
r-devel-linux-x86_64-fedora-clang | 1.0.4 | 46.72 | OK | |||
r-devel-linux-x86_64-fedora-gcc | 1.0.4 | 46.25 | OK | |||
r-devel-windows-x86_64 | 1.0.4 | 7.00 | 58.00 | 65.00 | OK | |
r-patched-linux-x86_64 | 1.0.4 | 3.26 | 26.84 | 30.10 | OK | |
r-release-linux-x86_64 | 1.0.4 | 3.07 | 27.10 | 30.17 | OK | |
r-release-macos-arm64 | 1.0.4 | 19.00 | OK | |||
r-release-macos-x86_64 | 1.0.4 | 39.00 | OK | |||
r-release-windows-x86_64 | 1.0.4 | 6.00 | 58.00 | 64.00 | OK | |
r-oldrel-macos-arm64 | 1.0.4 | 20.00 | OK | |||
r-oldrel-macos-x86_64 | 1.0.4 | 26.00 | OK | |||
r-oldrel-windows-x86_64 | 1.0.4 | 6.00 | 55.00 | 61.00 | OK |
Version: 1.0.4
Check: CRAN incoming feasibility
Result: NOTE
Maintainer: ‘Artur Araujo <artur.stat@gmail.com>’
Package CITATION file contains call(s) to old-style personList() or
as.personList(). Please use c() on person objects instead.
Package CITATION file contains call(s) to old-style citEntry(). Please
use bibentry() instead.
Flavors: r-devel-linux-x86_64-debian-clang, r-devel-linux-x86_64-debian-gcc