Last updated on 2024-06-29 11:49:13 CEST.
Flavor | Version | Tinstall | Tcheck | Ttotal | Status | Flags |
---|---|---|---|---|---|---|
r-devel-linux-x86_64-debian-clang | 1.2.7 | 10.69 | 294.15 | 304.84 | OK | |
r-devel-linux-x86_64-debian-gcc | 1.2.7 | 7.87 | 251.21 | 259.08 | OK | |
r-devel-linux-x86_64-fedora-clang | 1.2.7 | 399.68 | NOTE | |||
r-devel-linux-x86_64-fedora-gcc | 1.2.7 | 419.50 | OK | |||
r-devel-windows-x86_64 | 1.2.7 | 10.00 | 380.00 | 390.00 | OK | |
r-patched-linux-x86_64 | 1.2.7 | 7.12 | 315.65 | 322.77 | OK | |
r-release-linux-x86_64 | 1.2.7 | 6.72 | 307.68 | 314.40 | OK | |
r-release-macos-arm64 | 1.2.7 | 128.00 | OK | |||
r-release-macos-x86_64 | 1.2.7 | 194.00 | OK | |||
r-release-windows-x86_64 | 1.2.7 | 10.00 | 381.00 | 391.00 | OK | |
r-oldrel-macos-arm64 | 1.2.7 | 139.00 | OK | |||
r-oldrel-macos-x86_64 | 1.2.7 | 237.00 | OK | |||
r-oldrel-windows-x86_64 | 1.2.7 | 14.00 | 415.00 | 429.00 | OK |
Version: 1.2.7
Check: package dependencies
Result: NOTE
Imports includes 21 non-default packages.
Importing from so many packages makes the package vulnerable to any of
them becoming unavailable. Move as many as possible to Suggests and
use conditionally.
Flavor: r-devel-linux-x86_64-fedora-clang