Last updated on 2025-05-07 10:50:29 CEST.
Flavor | Version | Tinstall | Tcheck | Ttotal | Status | Flags |
---|---|---|---|---|---|---|
r-devel-linux-x86_64-debian-clang | 0.1.3 | 2.43 | 338.86 | 341.29 | OK | |
r-devel-linux-x86_64-debian-gcc | 0.1.3 | 1.89 | 205.52 | 207.41 | OK | |
r-devel-linux-x86_64-fedora-clang | 0.1.3 | 572.03 | NOTE | |||
r-devel-linux-x86_64-fedora-gcc | 0.1.3 | 563.86 | NOTE | |||
r-devel-windows-x86_64 | 0.1.3 | 5.00 | 302.00 | 307.00 | OK | |
r-patched-linux-x86_64 | 0.1.3 | 2.34 | 315.94 | 318.28 | OK | |
r-release-linux-x86_64 | 0.1.3 | 2.41 | 316.16 | 318.57 | OK | |
r-release-macos-arm64 | 0.1.3 | 129.00 | OK | |||
r-release-macos-x86_64 | 0.1.3 | 272.00 | OK | |||
r-release-windows-x86_64 | 0.1.3 | 5.00 | 296.00 | 301.00 | OK | |
r-oldrel-macos-arm64 | 0.1.3 | 116.00 | NOTE | |||
r-oldrel-macos-x86_64 | 0.1.3 | 198.00 | NOTE | |||
r-oldrel-windows-x86_64 | 0.1.3 | 6.00 | 391.00 | 397.00 | NOTE |
Version: 0.1.3
Check: dependencies in R code
Result: NOTE
Namespace in Imports field not imported from: ‘methods’
All declared Imports should be used.
Flavors: r-devel-linux-x86_64-fedora-clang, r-devel-linux-x86_64-fedora-gcc
Version: 0.1.3
Check: LazyData
Result: NOTE
'LazyData' is specified without a 'data' directory
Flavors: r-oldrel-macos-arm64, r-oldrel-macos-x86_64, r-oldrel-windows-x86_64