Last updated on 2024-06-29 11:49:13 CEST.
Flavor | Version | Tinstall | Tcheck | Ttotal | Status | Flags |
---|---|---|---|---|---|---|
r-devel-linux-x86_64-debian-clang | 1.1.8 | 58.78 | 53.79 | 112.57 | OK | |
r-devel-linux-x86_64-debian-gcc | 1.1.8 | 40.64 | 39.91 | 80.55 | OK | |
r-devel-linux-x86_64-fedora-clang | 1.1.8 | 156.77 | NOTE | |||
r-devel-linux-x86_64-fedora-gcc | 1.1.8 | 153.55 | OK | |||
r-devel-windows-x86_64 | 1.1.8 | 46.00 | 79.00 | 125.00 | OK | |
r-patched-linux-x86_64 | 1.1.8 | 48.71 | 51.05 | 99.76 | OK | |
r-release-linux-x86_64 | 1.1.8 | 48.05 | 50.98 | 99.03 | OK | |
r-release-macos-arm64 | 1.1.8 | 36.00 | OK | |||
r-release-macos-x86_64 | 1.1.8 | 44.00 | OK | |||
r-release-windows-x86_64 | 1.1.8 | 47.00 | 77.00 | 124.00 | OK | |
r-oldrel-macos-arm64 | 1.1.8 | 37.00 | OK | |||
r-oldrel-macos-x86_64 | 1.1.8 | 65.00 | OK | |||
r-oldrel-windows-x86_64 | 1.1.8 | 56.00 | 93.00 | 149.00 | OK |
Version: 1.1.8
Check: Rd cross-references
Result: NOTE
Undeclared package ‘gcmr’ in Rd xrefs
Flavor: r-devel-linux-x86_64-fedora-clang