Last updated on 2024-06-29 11:49:13 CEST.
Flavor | Version | Tinstall | Tcheck | Ttotal | Status | Flags |
---|---|---|---|---|---|---|
r-devel-linux-x86_64-debian-clang | 1.5-3 | 27.58 | 328.12 | 355.70 | OK | |
r-devel-linux-x86_64-debian-gcc | 1.5-3 | 21.91 | 238.12 | 260.03 | OK | |
r-devel-linux-x86_64-fedora-clang | 1.5-3 | 452.77 | NOTE | |||
r-devel-linux-x86_64-fedora-gcc | 1.5-3 | 446.18 | OK | |||
r-devel-windows-x86_64 | 1.5-3 | 36.00 | 337.00 | 373.00 | NOTE | |
r-patched-linux-x86_64 | 1.5-3 | 28.49 | 315.55 | 344.04 | OK | |
r-release-linux-x86_64 | 1.5-3 | 33.30 | 306.29 | 339.59 | OK | |
r-release-macos-arm64 | 1.5-3 | 122.00 | NOTE | |||
r-release-macos-x86_64 | 1.5-3 | 206.00 | NOTE | |||
r-release-windows-x86_64 | 1.5-3 | 37.00 | 330.00 | 367.00 | NOTE | |
r-oldrel-macos-arm64 | 1.5-3 | 126.00 | NOTE | |||
r-oldrel-macos-x86_64 | 1.5-3 | 235.00 | NOTE | |||
r-oldrel-windows-x86_64 | 1.5-3 | 40.00 | 418.00 | 458.00 | NOTE |
Version: 1.5-3
Check: installed package size
Result: NOTE
installed size is 11.2Mb
sub-directories of 1Mb or more:
doc 7.9Mb
libs 2.3Mb
Flavors: r-devel-linux-x86_64-fedora-clang, r-devel-windows-x86_64, r-release-macos-arm64, r-release-macos-x86_64, r-release-windows-x86_64, r-oldrel-macos-arm64, r-oldrel-macos-x86_64, r-oldrel-windows-x86_64
Version: 1.5-3
Check: Rd cross-references
Result: NOTE
Undeclared package ‘car’ in Rd xrefs
Flavor: r-devel-linux-x86_64-fedora-clang