Last updated on 2025-05-27 12:50:20 CEST.
Flavor | Version | Tinstall | Tcheck | Ttotal | Status | Flags |
---|---|---|---|---|---|---|
r-devel-linux-x86_64-debian-clang | 1.2.0 | 17.94 | 162.99 | 180.93 | OK | |
r-devel-linux-x86_64-debian-gcc | 1.2.0 | 13.80 | 114.88 | 128.68 | OK | |
r-devel-linux-x86_64-fedora-clang | 1.2.0 | 286.19 | OK | |||
r-devel-linux-x86_64-fedora-gcc | 1.2.0 | 268.71 | OK | |||
r-devel-windows-x86_64 | 1.2.0 | 18.00 | 156.00 | 174.00 | OK | |
r-patched-linux-x86_64 | 1.2.0 | 18.21 | 154.11 | 172.32 | OK | |
r-release-linux-x86_64 | 1.2.0 | 18.18 | 152.09 | 170.27 | OK | |
r-release-macos-arm64 | 1.2.0 | 5.00 | ERROR | |||
r-release-macos-x86_64 | 1.2.0 | 140.00 | OK | |||
r-release-windows-x86_64 | 1.2.0 | 18.00 | 149.00 | 167.00 | OK | |
r-oldrel-macos-arm64 | 1.2.0 | 74.00 | OK | |||
r-oldrel-macos-x86_64 | 1.2.0 | 173.00 | OK | |||
r-oldrel-windows-x86_64 | 1.2.0 | 24.00 | 191.00 | 215.00 | OK |
Version: 1.2.0
Check: package dependencies
Result: ERROR
Package required but not available: ‘org.Hs.eg.db’
See section ‘The DESCRIPTION file’ in the ‘Writing R Extensions’
manual.
Flavor: r-release-macos-arm64