Last updated on 2025-04-29 13:51:24 CEST.
Flavor | Version | Tinstall | Tcheck | Ttotal | Status | Flags |
---|---|---|---|---|---|---|
r-devel-linux-x86_64-debian-clang | 0.12.1 | 4.95 | 274.18 | 279.13 | NOTE | |
r-devel-linux-x86_64-debian-gcc | 0.12.1 | 3.62 | 196.66 | 200.28 | NOTE | |
r-devel-linux-x86_64-fedora-clang | 0.12.1 | 463.59 | OK | |||
r-devel-linux-x86_64-fedora-gcc | 0.12.1 | 514.27 | OK | |||
r-devel-windows-x86_64 | 0.12.1 | 7.00 | 271.00 | 278.00 | NOTE | |
r-patched-linux-x86_64 | 0.12.1 | 5.70 | 259.74 | 265.44 | NOTE | |
r-release-linux-x86_64 | 0.12.1 | 4.65 | 257.82 | 262.47 | NOTE | |
r-release-macos-arm64 | 0.12.1 | 202.00 | OK | |||
r-release-macos-x86_64 | 0.12.1 | 333.00 | OK | |||
r-release-windows-x86_64 | 0.12.1 | 7.00 | 278.00 | 285.00 | NOTE | |
r-oldrel-macos-arm64 | 0.12.1 | 152.00 | OK | |||
r-oldrel-macos-x86_64 | 0.12.1 | 229.00 | OK | |||
r-oldrel-windows-x86_64 | 0.12.1 | 9.00 | 330.00 | 339.00 | OK |
Version: 0.12.1
Check: Rd cross-references
Result: NOTE
Found the following Rd file(s) with Rd \link{} targets missing package
anchors:
nbrOfWorkers.batchtools.Rd: plan
Please provide package anchors for all Rd \link{} targets not in the
package itself and the base packages.
Flavors: r-devel-linux-x86_64-debian-clang, r-devel-linux-x86_64-debian-gcc, r-devel-windows-x86_64, r-patched-linux-x86_64, r-release-linux-x86_64, r-release-windows-x86_64
Version: 0.12.1
Check: examples
Result: NOTE
Examples with CPU (user + system) or elapsed time > 5s
user system elapsed
batchtools_custom 4.854 0.349 6.373
Flavor: r-devel-linux-x86_64-debian-clang