Last updated on 2025-07-22 09:50:33 CEST.
Flavor | Version | Tinstall | Tcheck | Ttotal | Status | Flags |
---|---|---|---|---|---|---|
r-devel-linux-x86_64-debian-clang | 1.5.2 | 21.05 | 335.77 | 356.82 | NOTE | |
r-devel-linux-x86_64-debian-gcc | 1.5.2 | 14.02 | 229.58 | 243.60 | NOTE | |
r-devel-linux-x86_64-fedora-clang | 1.5.2 | 480.71 | OK | |||
r-devel-linux-x86_64-fedora-gcc | 1.5.2 | 558.10 | OK | |||
r-devel-windows-x86_64 | 1.5.2 | 21.00 | 315.00 | 336.00 | OK | |
r-patched-linux-x86_64 | 1.5.2 | 20.82 | 281.14 | 301.96 | OK | |
r-release-linux-x86_64 | 1.5.2 | 19.30 | 332.09 | 351.39 | OK | |
r-release-macos-arm64 | 1.5.2 | 137.00 | OK | |||
r-release-macos-x86_64 | 1.5.2 | 293.00 | OK | |||
r-release-windows-x86_64 | 1.5.2 | 22.00 | 312.00 | 334.00 | OK | |
r-oldrel-macos-arm64 | 1.5.2 | 130.00 | OK | |||
r-oldrel-macos-x86_64 | 1.5.2 | 201.00 | OK | |||
r-oldrel-windows-x86_64 | 1.5.2 | 30.00 | 422.00 | 452.00 | OK |
Version: 1.5.2
Check: CRAN incoming feasibility
Result: NOTE
Maintainer: ‘Aimee Lee Houde <aimee.lee.houde@gmail.com>’
No Authors@R field in DESCRIPTION.
Please add one, modifying
Authors@R: c(person(given = c("Aimee", "Lee"),
family = "Houde",
role = c("aut", "cre"),
email = "aimee.lee.houde@gmail.com"),
person(given = "Trevor",
family = "Pitcher",
role = "aut"))
as necessary.
Flavors: r-devel-linux-x86_64-debian-clang, r-devel-linux-x86_64-debian-gcc