Last updated on 2025-04-30 07:55:08 CEST.
Flavor | Version | Tinstall | Tcheck | Ttotal | Status | Flags |
---|---|---|---|---|---|---|
r-devel-linux-x86_64-debian-clang | 0.0.1 | 5.73 | 50.75 | 56.48 | NOTE | |
r-devel-linux-x86_64-debian-gcc | 0.0.1 | 4.36 | 36.35 | 40.71 | OK | |
r-devel-linux-x86_64-fedora-clang | 0.0.1 | 78.18 | OK | |||
r-devel-linux-x86_64-fedora-gcc | 0.0.1 | 74.36 | OK | |||
r-devel-windows-x86_64 | 0.0.1 | 7.00 | 66.00 | 73.00 | OK | |
r-patched-linux-x86_64 | 0.0.1 | 5.64 | 47.34 | 52.98 | OK | |
r-release-linux-x86_64 | 0.0.1 | 5.05 | 47.33 | 52.38 | OK | |
r-release-macos-arm64 | 0.0.1 | 35.00 | OK | |||
r-release-macos-x86_64 | 0.0.1 | 43.00 | OK | |||
r-release-windows-x86_64 | 0.0.1 | 7.00 | 65.00 | 72.00 | OK | |
r-oldrel-macos-arm64 | 0.0.1 | 23.00 | OK | |||
r-oldrel-macos-x86_64 | 0.0.1 | 37.00 | OK | |||
r-oldrel-windows-x86_64 | 0.0.1 | 7.00 | 68.00 | 75.00 | OK |
Version: 0.0.1
Check: examples
Result: NOTE
Examples with CPU (user + system) or elapsed time > 5s
user system elapsed
FTUna 4.884 0.137 6.375
Flavor: r-devel-linux-x86_64-debian-clang