CRAN Package Check Results for Package fractD

Last updated on 2025-04-29 13:51:23 CEST.

Flavor Version Tinstall Tcheck Ttotal Status Flags
r-devel-linux-x86_64-debian-clang 0.1.0 1.75 47.21 48.96 OK
r-devel-linux-x86_64-debian-gcc 0.1.0 1.84 35.74 37.58 OK
r-devel-linux-x86_64-fedora-clang 0.1.0 73.19 OK
r-devel-linux-x86_64-fedora-gcc 0.1.0 90.90 OK
r-devel-windows-x86_64 0.1.0 4.00 73.00 77.00 OK
r-patched-linux-x86_64 0.1.0 2.05 44.11 46.16 OK
r-release-linux-x86_64 0.1.0 1.95 43.38 45.33 OK
r-release-macos-arm64 0.1.0 46.00 OK
r-release-macos-x86_64 0.1.0 85.00 OK
r-release-windows-x86_64 0.1.0 4.00 82.00 86.00 OK
r-oldrel-macos-arm64 0.1.0 32.00 NOTE
r-oldrel-macos-x86_64 0.1.0 53.00 NOTE
r-oldrel-windows-x86_64 0.1.0 5.00 85.00 90.00 NOTE

Check Details

Version: 0.1.0
Check: LazyData
Result: NOTE 'LazyData' is specified without a 'data' directory Flavors: r-oldrel-macos-arm64, r-oldrel-macos-x86_64, r-oldrel-windows-x86_64