Last updated on 2024-06-29 11:49:12 CEST.
Flavor | Version | Tinstall | Tcheck | Ttotal | Status | Flags |
---|---|---|---|---|---|---|
r-devel-linux-x86_64-debian-clang | 0.6.2 | 6.38 | 59.01 | 65.39 | NOTE | |
r-devel-linux-x86_64-debian-gcc | 0.6.2 | 5.76 | 44.80 | 50.56 | NOTE | |
r-devel-linux-x86_64-fedora-clang | 0.6.2 | 89.87 | NOTE | |||
r-devel-linux-x86_64-fedora-gcc | 0.6.2 | 78.89 | NOTE | |||
r-devel-windows-x86_64 | 0.6.2 | 7.00 | 61.00 | 68.00 | NOTE | |
r-patched-linux-x86_64 | 0.6.2 | 6.14 | 56.42 | 62.56 | NOTE | |
r-release-linux-x86_64 | 0.6.2 | 4.20 | 54.88 | 59.08 | NOTE | |
r-release-macos-arm64 | 0.6.2 | 26.00 | NOTE | |||
r-release-macos-x86_64 | 0.6.2 | 39.00 | NOTE | |||
r-release-windows-x86_64 | 0.6.2 | 7.00 | 62.00 | 69.00 | NOTE | |
r-oldrel-macos-arm64 | 0.6.2 | 27.00 | NOTE | |||
r-oldrel-macos-x86_64 | 0.6.2 | 37.00 | NOTE | |||
r-oldrel-windows-x86_64 | 0.6.2 | 9.00 | 72.00 | 81.00 | NOTE |
Version: 0.6.2
Check: LazyData
Result: NOTE
'LazyData' is specified without a 'data' directory
Flavors: r-devel-linux-x86_64-debian-clang, r-devel-linux-x86_64-debian-gcc, r-devel-linux-x86_64-fedora-clang, r-devel-linux-x86_64-fedora-gcc, r-devel-windows-x86_64, r-patched-linux-x86_64, r-release-linux-x86_64, r-release-macos-arm64, r-release-macos-x86_64, r-release-windows-x86_64, r-oldrel-macos-arm64, r-oldrel-macos-x86_64, r-oldrel-windows-x86_64