Last updated on 2025-04-29 13:51:23 CEST.
Flavor | Version | Tinstall | Tcheck | Ttotal | Status | Flags |
---|---|---|---|---|---|---|
r-devel-linux-x86_64-debian-clang | 1.0.0 | 5.29 | 43.60 | 48.89 | OK | |
r-devel-linux-x86_64-debian-gcc | 1.0.0 | 3.76 | 31.54 | 35.30 | OK | |
r-devel-linux-x86_64-fedora-clang | 1.0.0 | 67.36 | NOTE | |||
r-devel-linux-x86_64-fedora-gcc | 1.0.0 | 64.07 | NOTE | |||
r-devel-windows-x86_64 | 1.0.0 | 7.00 | 60.00 | 67.00 | OK | |
r-patched-linux-x86_64 | 1.0.0 | 6.34 | 41.52 | 47.86 | OK | |
r-release-linux-x86_64 | 1.0.0 | 5.14 | 41.23 | 46.37 | OK | |
r-release-macos-arm64 | 1.0.0 | 25.00 | OK | |||
r-release-macos-x86_64 | 1.0.0 | 45.00 | OK | |||
r-release-windows-x86_64 | 1.0.0 | 8.00 | 58.00 | 66.00 | OK | |
r-oldrel-macos-arm64 | 1.0.0 | 25.00 | OK | |||
r-oldrel-macos-x86_64 | 1.0.0 | 38.00 | OK | |||
r-oldrel-windows-x86_64 | 1.0.0 | 8.00 | 69.00 | 77.00 | OK |
Version: 1.0.0
Check: dependencies in R code
Result: NOTE
Namespaces in Imports field not imported from:
‘dplyr’ ‘forrel’ ‘pedtools’ ‘plotly’
All declared Imports should be used.
Flavors: r-devel-linux-x86_64-fedora-clang, r-devel-linux-x86_64-fedora-gcc