Last updated on 2024-06-29 11:49:12 CEST.
Flavor | Version | Tinstall | Tcheck | Ttotal | Status | Flags |
---|---|---|---|---|---|---|
r-devel-linux-x86_64-debian-clang | 0.1.6 | 141.39 | 253.03 | 394.42 | OK | |
r-devel-linux-x86_64-debian-gcc | 0.1.6 | 105.89 | 187.34 | 293.23 | OK | |
r-devel-linux-x86_64-fedora-clang | 0.1.6 | 550.72 | OK | |||
r-devel-linux-x86_64-fedora-gcc | 0.1.6 | 544.44 | OK | |||
r-devel-windows-x86_64 | 0.1.6 | 115.00 | 223.00 | 338.00 | OK | |
r-patched-linux-x86_64 | 0.1.6 | 131.26 | 244.57 | 375.83 | OK | |
r-release-linux-x86_64 | 0.1.6 | 132.61 | 240.06 | 372.67 | OK | |
r-release-macos-arm64 | 0.1.6 | 125.00 | NOTE | |||
r-release-macos-x86_64 | 0.1.6 | 315.00 | NOTE | |||
r-release-windows-x86_64 | 0.1.6 | 115.00 | 227.00 | 342.00 | OK | |
r-oldrel-macos-arm64 | 0.1.6 | 133.00 | NOTE | |||
r-oldrel-macos-x86_64 | 0.1.6 | 234.00 | NOTE | |||
r-oldrel-windows-x86_64 | 0.1.6 | 145.00 | 276.00 | 421.00 | OK |
Version: 0.1.6
Check: installed package size
Result: NOTE
installed size is 9.2Mb
sub-directories of 1Mb or more:
libs 7.2Mb
Flavors: r-release-macos-arm64, r-release-macos-x86_64, r-oldrel-macos-arm64, r-oldrel-macos-x86_64