Last updated on 2025-05-01 20:49:38 CEST.
Flavor | Version | Tinstall | Tcheck | Ttotal | Status | Flags |
---|---|---|---|---|---|---|
r-devel-linux-x86_64-debian-clang | 1.7.0.2 | 14.28 | 91.90 | 106.18 | NOTE | |
r-devel-linux-x86_64-debian-gcc | 1.7.0.2 | 10.59 | 74.52 | 85.11 | OK | |
r-devel-linux-x86_64-fedora-clang | 1.7.0.2 | 160.35 | OK | |||
r-devel-linux-x86_64-fedora-gcc | 1.7.0.2 | 168.85 | OK | |||
r-devel-windows-x86_64 | 1.7.0.2 | 22.00 | 120.00 | 142.00 | OK | |
r-patched-linux-x86_64 | 1.7.0.2 | 14.08 | 88.49 | 102.57 | OK | |
r-release-linux-x86_64 | OK | |||||
r-release-macos-arm64 | 1.7.0.2 | 67.00 | OK | |||
r-release-macos-x86_64 | 1.7.0.2 | 110.00 | OK | |||
r-release-windows-x86_64 | 1.7.0.2 | 22.00 | 125.00 | 147.00 | OK | |
r-oldrel-macos-arm64 | 1.7.0.2 | 58.00 | OK | |||
r-oldrel-macos-x86_64 | 1.7.0.2 | 122.00 | OK | |||
r-oldrel-windows-x86_64 | 1.7.0.2 | 24.00 | 133.00 | 157.00 | OK |
Version: 1.7.0.2
Check: examples
Result: NOTE
Examples with CPU (user + system) or elapsed time > 5s
user system elapsed
sugm.generator 4.966 0.035 5.643
Flavor: r-devel-linux-x86_64-debian-clang